{"id":1833,"date":"2021-02-27T10:48:08","date_gmt":"2021-02-27T09:48:08","guid":{"rendered":"https:\/\/www.extreme-sound.de\/?post_type=product&#038;p=1833"},"modified":"2021-03-27T11:15:33","modified_gmt":"2021-03-27T10:15:33","slug":"gzda-1200al-gold","status":"publish","type":"product","link":"https:\/\/www.extreme-sound.de\/index.php\/produkt\/gzda-1200al-gold\/","title":{"rendered":"GZDA 1200AL-GOLD"},"content":{"rendered":"<h1>Selbstklebende Aluminiumplatte<\/h1>\n<h4>300 \u03bcm Materialst\u00e4rke (inkl. Klebeschicht)<\/h4>\n<p>Stabile Aluminiumfolie als Platte, 6 St\u00fcck, 1.12 m\u00b2<\/p>\n<ul>\n<li>Aluminum mit Klebeschicht<\/li>\n<li>Gesamtst\u00e4rke 300 \u03bcm (inkl. Klebeschicht)<\/li>\n<li>Gewicht 0.65 kg\/m\u00b2<\/li>\n<li>Nicht entflammbar<\/li>\n<li>Dauerhafte Klebekraft<\/li>\n<li>Salzbest\u00e4ndig<\/li>\n<li>Verpackungseinheit 6 St\u00fcck<\/li>\n<li>Plattengr\u00f6\u00dfe 375 x 500 mm<\/li>\n<li>Gesamtfl\u00e4che 1.12 m\u00b2<\/li>\n<li>Farbige Shop Verpackung<\/li>\n<\/ul>\n","protected":false},"excerpt":{"rendered":"<p>Selbstklebende Aluminiumplatte 300 \u03bcm Materialst\u00e4rke (inkl. Klebeschicht) Stabile Aluminiumfolie als Platte, 6 St\u00fcck, 1.12 m\u00b2 Aluminum mit Klebeschicht Gesamtst\u00e4rke 300 \u03bcm (inkl. Klebeschicht) Gewicht 0.65 kg\/m\u00b2 Nicht entflammbar Dauerhafte Klebekraft Salzbest\u00e4ndig Verpackungseinheit 6 St\u00fcck Plattengr\u00f6\u00dfe 375 x 500 mm Gesamtfl\u00e4che 1.12 m\u00b2 Farbige Shop Verpackung<\/p>\n","protected":false},"featured_media":1834,"template":"","meta":[],"product_brand":[],"product_cat":[32,107],"product_tag":[],"class_list":{"0":"post-1833","1":"product","2":"type-product","3":"status-publish","4":"has-post-thumbnail","6":"product_cat-car-audio-hifi","7":"product_cat-daemmung","8":"product_shipping_class-packet-l","10":"first","11":"instock","12":"taxable","13":"shipping-taxable","14":"purchasable","15":"product-type-simple"},"_links":{"self":[{"href":"https:\/\/www.extreme-sound.de\/index.php\/wp-json\/wp\/v2\/product\/1833","targetHints":{"allow":["GET"]}}],"collection":[{"href":"https:\/\/www.extreme-sound.de\/index.php\/wp-json\/wp\/v2\/product"}],"about":[{"href":"https:\/\/www.extreme-sound.de\/index.php\/wp-json\/wp\/v2\/types\/product"}],"wp:featuredmedia":[{"embeddable":true,"href":"https:\/\/www.extreme-sound.de\/index.php\/wp-json\/wp\/v2\/media\/1834"}],"wp:attachment":[{"href":"https:\/\/www.extreme-sound.de\/index.php\/wp-json\/wp\/v2\/media?parent=1833"}],"wp:term":[{"taxonomy":"product_brand","embeddable":true,"href":"https:\/\/www.extreme-sound.de\/index.php\/wp-json\/wp\/v2\/product_brand?post=1833"},{"taxonomy":"product_cat","embeddable":true,"href":"https:\/\/www.extreme-sound.de\/index.php\/wp-json\/wp\/v2\/product_cat?post=1833"},{"taxonomy":"product_tag","embeddable":true,"href":"https:\/\/www.extreme-sound.de\/index.php\/wp-json\/wp\/v2\/product_tag?post=1833"}],"curies":[{"name":"wp","href":"https:\/\/api.w.org\/{rel}","templated":true}]}}