{"id":1835,"date":"2021-02-27T10:50:02","date_gmt":"2021-02-27T09:50:02","guid":{"rendered":"https:\/\/www.extreme-sound.de\/?post_type=product&#038;p=1835"},"modified":"2021-03-27T11:15:33","modified_gmt":"2021-03-27T10:15:33","slug":"gzdm-250al-bassboost","status":"publish","type":"product","link":"https:\/\/www.extreme-sound.de\/index.php\/produkt\/gzdm-250al-bassboost\/","title":{"rendered":"GZDM 250AL-BassBoost"},"content":{"rendered":"<h1>15 mm Selbstklebende Multikomponenten D\u00e4mmung zur akustischen Schallstreuung<\/h1>\n<h4>2 Matten<\/h4>\n<p>15 mm High-Quality Mehrkomponenten-D\u00e4mmmaterial, 2 Matten (f\u00fcr 2 T\u00fcren)<\/p>\n<ul>\n<li>Mehrkomponenten D\u00e4mmmaterial<\/li>\n<li>Gesamtst\u00e4rke 15 mm (+\/- 4mm)<\/li>\n<li>Klebekraft &gt; 1.5 N\/cm\u00b2<\/li>\n<li>Nicht entflammbar<\/li>\n<li>Dauerhafte Klebekraft<\/li>\n<li>Salzbest\u00e4ndig<\/li>\n<li>Verpackungsinhalt 2 Matten<\/li>\n<li>Mattengr\u00f6\u00dfe 250 x 183 mm<\/li>\n<li>Gesamtfl\u00e4che 0.1 m\u00b2<\/li>\n<li>Farbige Shop Verpackung<\/li>\n<\/ul>\n","protected":false},"excerpt":{"rendered":"<p>15 mm Selbstklebende Multikomponenten D\u00e4mmung zur akustischen Schallstreuung 2 Matten 15 mm High-Quality Mehrkomponenten-D\u00e4mmmaterial, 2 Matten (f\u00fcr 2 T\u00fcren) Mehrkomponenten D\u00e4mmmaterial Gesamtst\u00e4rke 15 mm (+\/- 4mm) Klebekraft &gt; 1.5 N\/cm\u00b2 Nicht entflammbar Dauerhafte Klebekraft Salzbest\u00e4ndig Verpackungsinhalt 2 Matten Mattengr\u00f6\u00dfe 250 x 183 mm Gesamtfl\u00e4che 0.1 m\u00b2 Farbige Shop Verpackung<\/p>\n","protected":false},"featured_media":1839,"template":"","meta":[],"product_brand":[],"product_cat":[32,107],"product_tag":[],"class_list":{"0":"post-1835","1":"product","2":"type-product","3":"status-publish","4":"has-post-thumbnail","6":"product_cat-car-audio-hifi","7":"product_cat-daemmung","8":"product_shipping_class-packet-l","10":"first","11":"instock","12":"taxable","13":"shipping-taxable","14":"purchasable","15":"product-type-simple"},"_links":{"self":[{"href":"https:\/\/www.extreme-sound.de\/index.php\/wp-json\/wp\/v2\/product\/1835","targetHints":{"allow":["GET"]}}],"collection":[{"href":"https:\/\/www.extreme-sound.de\/index.php\/wp-json\/wp\/v2\/product"}],"about":[{"href":"https:\/\/www.extreme-sound.de\/index.php\/wp-json\/wp\/v2\/types\/product"}],"wp:featuredmedia":[{"embeddable":true,"href":"https:\/\/www.extreme-sound.de\/index.php\/wp-json\/wp\/v2\/media\/1839"}],"wp:attachment":[{"href":"https:\/\/www.extreme-sound.de\/index.php\/wp-json\/wp\/v2\/media?parent=1835"}],"wp:term":[{"taxonomy":"product_brand","embeddable":true,"href":"https:\/\/www.extreme-sound.de\/index.php\/wp-json\/wp\/v2\/product_brand?post=1835"},{"taxonomy":"product_cat","embeddable":true,"href":"https:\/\/www.extreme-sound.de\/index.php\/wp-json\/wp\/v2\/product_cat?post=1835"},{"taxonomy":"product_tag","embeddable":true,"href":"https:\/\/www.extreme-sound.de\/index.php\/wp-json\/wp\/v2\/product_tag?post=1835"}],"curies":[{"name":"wp","href":"https:\/\/api.w.org\/{rel}","templated":true}]}}