{"id":314,"date":"2021-01-09T12:10:27","date_gmt":"2021-01-09T11:10:27","guid":{"rendered":"https:\/\/www.extreme-sound.de\/?post_type=product&#038;p=314"},"modified":"2021-03-27T11:14:03","modified_gmt":"2021-03-27T10:14:03","slug":"helix-s-1t","status":"publish","type":"product","link":"https:\/\/www.extreme-sound.de\/index.php\/produkt\/helix-s-1t\/","title":{"rendered":"HELIX S 1T"},"content":{"rendered":"<div id=\"description\" class=\"detail-decription-headline\">\n<h2>HELIX S 1T<\/h2>\n<\/div>\n<div id=\"description--text\" class=\"product--description\">\n<p>Ein Hocht\u00f6ner f\u00fcr den guten Ton \u2013 Erst die Hochton-Lautsprecher innerhalb eines Soundsystems sorgen f\u00fcr das vollkommene Sounderlebnis.<br \/>\nDie beschichtete Seidenkalotte und der hocheffiziente Neodymmagnet des S 1T bringen eine einzigartige Sensibilit\u00e4t in der Hochtonwiedergabe und kristallklaren Sound mit sich. Der hochwertige Einbautopf aus eloxiertem Aluminium mit abnehmbarem Abdeckgitter bietet optimalen Schutz der Kalotte und besticht im exklusiven HELIX-Design.<\/p>\n<p>Der besondere Clou: Die Hochtoneinheit kann aus dem Einbautopf herausgenommen werden, sodass die ohnehin schon sehr kompakten Abmessungen noch einmal reduziert werden k\u00f6nnen und optimale Voraussetzungen f\u00fcr eine einfache Integration bietet.<\/p>\n<p>Eins ist sicher, mit den neuen S 1T Hochton-Lautsprechern wird jedes Soundsystem zu einem \u201eHigh\u201c-light!<\/p>\n<\/div>\n<div id=\"features\" class=\"detail-features-headline\">\n<h3>Features<\/h3>\n<\/div>\n<div class=\"product--features\">\n<ul>\n<li>25 mm Hocht\u00f6ner mit hocheffizientem Neodymmagnet und beschichteter Seidenkalotte f\u00fcr eine ausgewogene, nat\u00fcrliche Wiedergabe und minimale Kompressionseffekte<\/li>\n<li>Einbautopf aus eloxiertem Aluminium mit abnehmbarem Abdeckgitter im exklusiven HELIX-Design<\/li>\n<li>Geringste Fertigungstoleranzen und ausschlie\u00dfliche Verwendung hochwertigster Materialien<\/li>\n<li>Inklusive Installationsmaterial<\/li>\n<\/ul>\n<\/div>\n","protected":false},"excerpt":{"rendered":"<div id=\"technicaldata\" class=\"product--technicaldata-headline\">\n<h3>Technische Daten<\/h3>\n<\/div>\n<div class=\"detail--technicaldata\">\n<table border=\"0\" cellspacing=\"0\" cellpadding=\"0\">\n<colgroup>\n<col \/>\n<col \/>\n<col \/><\/colgroup>\n<tbody>\n<tr>\n<td align=\"left\" valign=\"top\"><strong>Leistung RMS \/ Max.<\/strong><\/td>\n<td class=\"xl92\"><em>P<\/em><\/td>\n<td class=\"xl95\">100 \/ 200 Watt<br \/>\n(Hochpass &gt; 3.000 Hz bei 12 dB\/Okt.)<\/td>\n<\/tr>\n<tr>\n<td align=\"left\" valign=\"top\"><strong>Impedanz\u00a0<\/strong><\/td>\n<td class=\"xl92\"><em>Z<\/em><\/td>\n<td class=\"xl94\">4 \u03a9<\/td>\n<\/tr>\n<tr>\n<td align=\"left\" valign=\"top\"><strong>Gleichstromwiderstand\u00a0<\/strong><\/td>\n<td class=\"xl92\"><em>Re<\/em><\/td>\n<td class=\"xl94\">3,4 \u03a9<\/td>\n<\/tr>\n<tr>\n<td align=\"left\" valign=\"top\"><strong>Frequenzbereich<\/strong><\/td>\n<td class=\"xl92\"><em>\u00a0<\/em><\/td>\n<td class=\"xl94\">2.500 Hz &#8211; 25.000 Hz<\/td>\n<\/tr>\n<tr>\n<td align=\"left\" valign=\"top\"><strong>Resonanzfrequenz\u00a0<\/strong><\/td>\n<td class=\"xl92\"><em>Fs<\/em><\/td>\n<td class=\"xl94\">1.600 Hz<\/td>\n<\/tr>\n<tr>\n<td align=\"left\" valign=\"top\"><strong>Wirkungsgrad 1 W \/ 1 m<\/strong><\/td>\n<td class=\"xl93\"><em>SPL<\/em><\/td>\n<td class=\"xl94\">91 dB<\/td>\n<\/tr>\n<tr>\n<td align=\"left\" valign=\"top\"><strong>Schwingspulendurchmesser<\/strong><\/td>\n<td class=\"xl94\"><em>\u00f8<\/em><\/td>\n<td class=\"xl94\">25 mm<\/td>\n<\/tr>\n<tr>\n<td align=\"left\" valign=\"top\"><strong>Membranfl\u00e4che\u00a0<\/strong><\/td>\n<td class=\"xl92\"><em>Sd<\/em><\/td>\n<td class=\"xl94\">4,9 cm\u00b2<\/td>\n<\/tr>\n<tr>\n<td align=\"left\" valign=\"top\"><strong>Bewegte Masse\u00a0<\/strong><\/td>\n<td class=\"xl92\"><em>Mms<\/em><\/td>\n<td class=\"xl94\">0,3 g<\/td>\n<\/tr>\n<tr>\n<td align=\"left\" valign=\"top\"><strong>Membranmaterial<\/strong><\/td>\n<td class=\"xl92\"><em>\u00a0<\/em><\/td>\n<td class=\"xl94\">Beschichtete Seidenkalotte<\/td>\n<\/tr>\n<tr>\n<td align=\"left\" valign=\"top\"><strong>Au\u00dfendurchmesser<\/strong><\/td>\n<td class=\"xl94\"><em>\u00f8<\/em><\/td>\n<td class=\"xl94\">51 mm<\/td>\n<\/tr>\n<tr>\n<td align=\"left\" valign=\"top\"><strong>Einbaudurchmesser<\/strong><\/td>\n<td class=\"xl94\"><em>\u00f8<\/em><\/td>\n<td class=\"xl96\">45 mm<\/td>\n<\/tr>\n<tr>\n<td align=\"left\" valign=\"top\"><strong>Einbautiefe<\/strong><\/td>\n<td class=\"xl92\"><em>\u00a0<\/em><\/td>\n<td class=\"xl94\">14 mm<\/td>\n<\/tr>\n<tr>\n<td align=\"left\" valign=\"top\"><strong>\u00a0<\/strong><\/td>\n<td class=\"xl88\"><em>\u00a0<\/em><\/td>\n<td class=\"xl99\"><\/td>\n<\/tr>\n<tr>\n<td align=\"left\" valign=\"top\"><strong>Emfpohlene Trennfrequenzen f\u00fcr den Hochpass<\/strong><\/td>\n<td class=\"xl89\"><em>\u00a0<\/em><\/td>\n<td class=\"xl99\"><\/td>\n<\/tr>\n<tr>\n<td align=\"left\" valign=\"top\"><strong>Flankensteilheit\u00a0<\/strong><\/td>\n<td class=\"xl90\"><em>\u00a0<\/em><\/td>\n<td class=\"xl97\"><strong>Minimale Trennfrequenz<\/strong><\/td>\n<\/tr>\n<tr>\n<td align=\"left\" valign=\"top\">6 dB\/Oktave<\/td>\n<td class=\"xl88\"><em>\u00a0<\/em><\/td>\n<td class=\"xl98\">4.000 Hz<\/td>\n<\/tr>\n<tr>\n<td align=\"left\" valign=\"top\">12 dB\/Oktave<\/td>\n<td class=\"xl88\"><em>\u00a0<\/em><\/td>\n<td class=\"xl98\">&gt; 3.000 Hz<\/td>\n<\/tr>\n<tr>\n<td align=\"left\" valign=\"top\">24 dB\/Oktave<\/td>\n<td class=\"xl88\"><em>\u00a0<\/em><\/td>\n<td class=\"xl98\">&gt; 2.500 Hz<\/td>\n<\/tr>\n<\/tbody>\n<\/table>\n<\/div>\n<div id=\"supply\" class=\"detail-supply-headline\">\n<h3>Lieferumfang<\/h3>\n<\/div>\n<div class=\"detail--supply-content\">\n<div class=\"product--supply-inner\">\n<p>2 x Hocht\u00f6ner HELIX S 1T inkl. Einbautopf<br \/>\n2 x Haltefeder<br \/>\n1 x Befestigungsmaterial<\/p>\n<\/div>\n<\/div>\n","protected":false},"featured_media":321,"template":"","meta":[],"product_brand":[],"product_cat":[114,32,42,41],"product_tag":[],"class_list":{"0":"post-314","1":"product","2":"type-product","3":"status-publish","4":"has-post-thumbnail","6":"product_cat-10cm-lautsprecher","7":"product_cat-car-audio-hifi","8":"product_cat-helix","9":"product_cat-lautsprecher","10":"product_shipping_class-packet-m","12":"first","13":"instock","14":"taxable","15":"shipping-taxable","16":"purchasable","17":"product-type-simple"},"_links":{"self":[{"href":"https:\/\/www.extreme-sound.de\/index.php\/wp-json\/wp\/v2\/product\/314","targetHints":{"allow":["GET"]}}],"collection":[{"href":"https:\/\/www.extreme-sound.de\/index.php\/wp-json\/wp\/v2\/product"}],"about":[{"href":"https:\/\/www.extreme-sound.de\/index.php\/wp-json\/wp\/v2\/types\/product"}],"wp:featuredmedia":[{"embeddable":true,"href":"https:\/\/www.extreme-sound.de\/index.php\/wp-json\/wp\/v2\/media\/321"}],"wp:attachment":[{"href":"https:\/\/www.extreme-sound.de\/index.php\/wp-json\/wp\/v2\/media?parent=314"}],"wp:term":[{"taxonomy":"product_brand","embeddable":true,"href":"https:\/\/www.extreme-sound.de\/index.php\/wp-json\/wp\/v2\/product_brand?post=314"},{"taxonomy":"product_cat","embeddable":true,"href":"https:\/\/www.extreme-sound.de\/index.php\/wp-json\/wp\/v2\/product_cat?post=314"},{"taxonomy":"product_tag","embeddable":true,"href":"https:\/\/www.extreme-sound.de\/index.php\/wp-json\/wp\/v2\/product_tag?post=314"}],"curies":[{"name":"wp","href":"https:\/\/api.w.org\/{rel}","templated":true}]}}