{"id":409,"date":"2021-01-11T11:12:37","date_gmt":"2021-01-11T10:12:37","guid":{"rendered":"https:\/\/www.extreme-sound.de\/?post_type=product&#038;p=409"},"modified":"2021-03-27T11:13:32","modified_gmt":"2021-03-27T10:13:32","slug":"match-up-c42bmw-frt-3","status":"publish","type":"product","link":"https:\/\/www.extreme-sound.de\/index.php\/produkt\/match-up-c42bmw-frt-3\/","title":{"rendered":"MATCH UP C42BMW-FRT.3"},"content":{"rendered":"<div id=\"description\" class=\"detail-decription-headline\">\n<h2>MATCH UP C42BMW-FRT.3<\/h2>\n<\/div>\n<div id=\"description--text\" class=\"product--description\">\n<p>Hinsicht den Anspr\u00fcchen ambitionierter Musikliebhaber nur bedingt gerecht werden. Umso besser, dass jetzt mit den ma\u00dfgeschneiderten MATCH UPGRADE-Lautsprechersystemen eine Alternative geboten wird, die klanglich neue Horizonte \u00f6ffnet.<\/p>\n<p>Das 2-Wege-Komponentensystem UP C42BMW-FRT.3 mit fahrzeugspezifischen K\u00f6rben liefert \u00fcber den gesamten Frequenzbereich ein deutliches Plus an Pr\u00e4zision und Dynamik, gepaart mit fantastischer Hochtonaufl\u00f6sung dank einer 25 mm Seidenkalotte, deren Pegel in drei Stufen an den pers\u00f6nlichen H\u00f6rgeschmack angepasst werden kann.<\/p>\n<p>Die maximale Performanz offenbaren diese Lautsprecher ganz besonders in Kombination mit einem unserer DSP-Verst\u00e4rker, wie beispielsweise der exklusiv f\u00fcr BMW-Fahrzeuge entwickelten UP 7BMW.<\/p>\n<\/div>\n<div id=\"features\" class=\"detail-features-headline\">\n<h3>Features<\/h3>\n<\/div>\n<div class=\"product--features\">\n<ul>\n<li>Exklusiv entwickeltes Lautsprechersystem f\u00fcr BMW-Fahrzeuge<\/li>\n<li>Fahrzeugspezifische Lautsprecherk\u00f6rbe und Anschlussterminals zum einfachen Verbau<\/li>\n<li>Perfekt abgestimmtes Komponentensystem mit optimiertem Frequenzgang<\/li>\n<li>Hochwertige Frequenzweiche mit abschaltbarem Hochpassfilter f\u00fcr den idealen Betrieb an einem DSP-Verst\u00e4rker<\/li>\n<li>Perfekt kombinierbar mit weiteren MATCH UPGRADE Komponenten \u2013 z.B. DSP-Verst\u00e4rker<\/li>\n<\/ul>\n<\/div>\n<div id=\"technicaldata\" class=\"product--technicaldata-headline\"><\/div>\n","protected":false},"excerpt":{"rendered":"<div id=\"technicaldata\" class=\"product--technicaldata-headline\">\n<h3>Technische Daten<\/h3>\n<\/div>\n<div class=\"detail--technicaldata\">\n<table border=\"0\" cellspacing=\"0\" cellpadding=\"0\">\n<colgroup>\n<col width=\"341\" \/>\n<col width=\"257\" \/><\/colgroup>\n<tbody>\n<tr>\n<td align=\"left\" valign=\"top\"><strong>Leistung RMS \/ Max.<\/strong><\/td>\n<td class=\"xl68\" width=\"257\">60 \/ 120 Watt<\/td>\n<\/tr>\n<tr>\n<td align=\"left\" valign=\"top\"><strong>Frequenzbereich<\/strong><\/td>\n<td class=\"xl68\" width=\"257\">100 Hz &#8211; 25.000 Hz<\/td>\n<\/tr>\n<tr>\n<td align=\"left\" valign=\"top\"><strong>Impedanz<\/strong><\/td>\n<td class=\"xl68\" width=\"257\">4 \u03a9<\/td>\n<\/tr>\n<tr>\n<td align=\"left\" valign=\"top\"><strong>Wirkungsgrad 1 W \/ 1 m<\/strong><\/td>\n<td class=\"xl68\" width=\"257\">90 dB<\/td>\n<\/tr>\n<tr>\n<td align=\"left\" valign=\"top\"><strong>Membranmaterial<\/strong><\/td>\n<td class=\"xl68\" width=\"257\">HT: Beschichtete Seidenkalotte<br \/>\nMT: &#8211;<br \/>\nTT: Beschichtete Papiermembran<\/td>\n<\/tr>\n<tr>\n<td align=\"left\" valign=\"top\"><strong>Frequenzweiche<\/strong><\/td>\n<td class=\"xl68\" width=\"257\">Separat, 12 dB \/ 12 dB Flankensteilheit mit 3-stufiger Pegelanpassung<\/td>\n<\/tr>\n<tr>\n<td align=\"left\" valign=\"top\"><strong>Au\u00dfendurchmesser<\/strong><\/td>\n<td class=\"xl68\" width=\"257\">HT: 43,3 mm<br \/>\nMT: &#8211;<br \/>\nTT: 101,5 mm<\/td>\n<\/tr>\n<tr>\n<td align=\"left\" valign=\"top\"><strong>Einbaudurchmesser<\/strong><\/td>\n<td class=\"xl68\" width=\"257\">HT: 41 mm<br \/>\nMT: &#8211;<br \/>\nTT: 91 mm<\/td>\n<\/tr>\n<tr>\n<td align=\"left\" valign=\"top\"><strong>Einbautiefe<\/strong><\/td>\n<td class=\"xl68\" width=\"257\">HT: 9,6 mm<br \/>\nMT: &#8211;<br \/>\nTT: 37,8 mm<\/td>\n<\/tr>\n<\/tbody>\n<\/table>\n<\/div>\n<div id=\"compatibility\" class=\"product--compatibility-headline\">\n<h3>Kompatibilit\u00e4t<\/h3>\n<\/div>\n<div class=\"detail--compatibility\"><\/div>\n<div id=\"supply\" class=\"detail-supply-headline\">\n<h3>Lieferumfang<\/h3>\n<\/div>\n<div class=\"detail--supply-content\">\n<div class=\"product--supply-inner\">\n<p>2 x Hocht\u00f6ner MATCH UP S1BMW-FRT<br \/>\n2 x Tiefmittelt\u00f6ner MATCH UP S4BMW-FRT.2<br \/>\n2 x Frequenzweiche<br \/>\n1 x Bedienungsanleitung<\/p>\n<\/div>\n<\/div>\n","protected":false},"featured_media":545,"template":"","meta":[],"product_brand":[],"product_cat":[58,32,41,43],"product_tag":[],"class_list":{"0":"post-409","1":"product","2":"type-product","3":"status-publish","4":"has-post-thumbnail","6":"product_cat-bmw-upgrade-lautsprecher","7":"product_cat-car-audio-hifi","8":"product_cat-lautsprecher","9":"product_cat-match","10":"product_shipping_class-packet-m","12":"first","13":"instock","14":"taxable","15":"shipping-taxable","16":"purchasable","17":"product-type-simple"},"_links":{"self":[{"href":"https:\/\/www.extreme-sound.de\/index.php\/wp-json\/wp\/v2\/product\/409","targetHints":{"allow":["GET"]}}],"collection":[{"href":"https:\/\/www.extreme-sound.de\/index.php\/wp-json\/wp\/v2\/product"}],"about":[{"href":"https:\/\/www.extreme-sound.de\/index.php\/wp-json\/wp\/v2\/types\/product"}],"wp:featuredmedia":[{"embeddable":true,"href":"https:\/\/www.extreme-sound.de\/index.php\/wp-json\/wp\/v2\/media\/545"}],"wp:attachment":[{"href":"https:\/\/www.extreme-sound.de\/index.php\/wp-json\/wp\/v2\/media?parent=409"}],"wp:term":[{"taxonomy":"product_brand","embeddable":true,"href":"https:\/\/www.extreme-sound.de\/index.php\/wp-json\/wp\/v2\/product_brand?post=409"},{"taxonomy":"product_cat","embeddable":true,"href":"https:\/\/www.extreme-sound.de\/index.php\/wp-json\/wp\/v2\/product_cat?post=409"},{"taxonomy":"product_tag","embeddable":true,"href":"https:\/\/www.extreme-sound.de\/index.php\/wp-json\/wp\/v2\/product_tag?post=409"}],"curies":[{"name":"wp","href":"https:\/\/api.w.org\/{rel}","templated":true}]}}