{"id":446,"date":"2021-01-11T18:11:24","date_gmt":"2021-01-11T17:11:24","guid":{"rendered":"https:\/\/www.extreme-sound.de\/?post_type=product&#038;p=446"},"modified":"2022-03-05T10:31:14","modified_gmt":"2022-03-05T09:31:14","slug":"helix-dsp-3","status":"publish","type":"product","link":"https:\/\/www.extreme-sound.de\/index.php\/produkt\/helix-dsp-3\/","title":{"rendered":"HELIX DSP.3S"},"content":{"rendered":"<div id=\"description\" class=\"detail-decription-headline\">\n<h2>HELIX DSP.3<\/h2>\n<\/div>\n<div id=\"description--text\" class=\"product--description\">\n<h4>Unser bester 8-Kanal DSP<\/h4>\n<p>Neueste Technik, bew\u00e4hrtes Design \u2013 der DSP.3 wurde kontinuierlich weiterentwickelt und pr\u00e4sentiert sich als unser bester digitaler 8-Kanal Signalprozessor, den wir jemals gebaut haben.<\/p>\n<h4>Unglaubliches Klangerlebnis, bereit f\u00fcr High-Res Audio<\/h4>\n<p>Das Streben nach dem perfekten Klang treibt unsere Entwickler immer weiter. Der 64 Bit Audio DSP und eine durchg\u00e4ngige, native High-Resolution Signalverarbeitung mit 96 kHz Abtastrate und 32 Bit Aufl\u00f6sung sowie die getrennten AD- \/ DA-Signalwandler von Asahi Kasei sorgen f\u00fcr die beeindruckende Klangqualit\u00e4t. Perfekt zur Verarbeitung von High-Res Audiosignalen mit einer Bandbreite bis \u00fcber 40 kHz. Dazu gesellen sich die einzigartigen DSP-Soundfeatures wie das \u201eAugmented Bass Processing\u201c, der \u201eStageXpander\u201c oder die \u201eRealCenter\u201c-Funktion, die bei den M\u00f6glichkeiten des Klangtunings zus\u00e4tzliche akustische Akzente setzen. Zusammen mit den 6 V Vorverst\u00e4rkerausg\u00e4ngen setzt der DSP.3 damit ein neues Level in dieser Preisklasse.<\/p>\n<h4>ACO \u2013 Advanced 32 Bit Plattform<\/h4>\n<p>Im Zuge der \u00dcberarbeitung wurde der DSP.3, selbstredend mit der neuen, besonders leistungsstarken 32 Bit ACO-Plattform ausgestattet. Diese \u00fcbernimmt alle Steuerungsaufgaben und sorgt f\u00fcr das entscheidende Geschwindigkeitsplus speziell bei der Datenkommunikation mit unserer DSP PC-Tool Software, aber auch bei der Umschaltung zwischen den einzelnen Sound Setups in nur 300 ms. Umso sch\u00f6ner, dass daf\u00fcr statt der bisherigen zwei nun sogar zehn interne Speicherpl\u00e4tze vorhanden sind.Dar\u00fcber hinaus bietet der ACO einen integrierten, kanalgetrennten Input EQ und Input Signal Analyzer (ISA) zur einfachen Analyse und Kompensation der Eingangssignale. So kann ein bereits ab Werk im Radio vorhandenes Sound Tuning kompensiert werden, wodurch die Integration mehrerer Signalquellen deutlich vereinfacht wird.<\/p>\n<h4>Umfangreiches Ausstattungspaket<\/h4>\n<p>Selbstverst\u00e4ndlich geh\u00f6ren der Highlevel-Eingang mit ADEP.3-Schaltkreis (Advanced Diagnostics Error Protection, Generation 3), der Auto Remote-Schalter, ein optischer Eingang sowie der HELIX Extension Card Slot (HEC Slot) f\u00fcr Systemerweiterung wie Bluetooth<sup>\u00ae<\/sup>\u00a0Audio Streaming oder High Resolution Audio Streaming via USB zur Basisausstattung des DSP.3.<\/p>\n<h4>DSP PC-Tool<\/h4>\n<p>Das sich der HELIX DSP.3 nat\u00fcrlich \u00fcber unsere professionelle und besonders benutzerfreundliche DSP PC-Tool Software V4 gewohnt einfach konfigurieren l\u00e4sst, versteht sich da fast schon von selbst.<\/p>\n<\/div>\n<div id=\"features\" class=\"detail-features-headline\">\n<h3>Features<\/h3>\n<\/div>\n<div class=\"product--features\">\n<ul>\n<li>Extrem leistungsf\u00e4higer \u201eFixed Point\u201c Audio DSP mit 64 Bit Aufl\u00f6sung und 1,2 Mrd. MAC Operationen pro Sekunde<\/li>\n<li>AD- und DA-Signalwandler von AKM mit nativer 32 Bit Aufl\u00f6sung<\/li>\n<li>High Resolution Audiobandbreite bis \u00fcber 40 kHz f\u00fcr un\u00fcbertroffene Klangqualit\u00e4t<\/li>\n<li>Einzigartige DSP-Soundeffekte wie das \u201eAugmented Bass Processing\u201c zur dynamischen Optimierung der Tieftonwiedergabe des Subwoofers, der \u201eStageXpander\u201c zur Verbreiterung der Stereoperspektive, die \u201eRealCenter\u201c-Funktion, welche f\u00fcr Fahrer und Beifahrer eine gleicherma\u00dfen perfekt fokussierte B\u00fchnenabbildung erm\u00f6glicht und vieles mehr<\/li>\n<li>ACO \u2013 Advanced 32 Bit CoProcessor f\u00fcr alle Steuerungs- und Kommunikationsaufgaben:\n<ul>\n<li>10 interne Speicherpl\u00e4tze f\u00fcr Sound Setups<\/li>\n<li>Blitzschnelles Umschalten zwischen Sound Setups<\/li>\n<li>High Speed Daten\u00fcbertragung und verbesserte Bedienbarkeit<\/li>\n<\/ul>\n<\/li>\n<li>InputEQ und ISA (Input Signal Analyzer) zur einfachen Analyse und Kompensation der Eingangssignale<\/li>\n<li>HELIX Extension Card Steckplatz (HEC) F\u00fcr Systemerweiterungen wie Bluetooth<sup>\u00ae<\/sup>\u00a0Audio Streaming, High Resolution Audio Streaming via USB etc.<\/li>\n<li>Intelligenter Highlevel-Eingang mit ADEP.3-Schaltkreis und automatischer Einschaltung<\/li>\n<li>Start-Stopf\u00e4higkeit bis hinab zu 6 V Versorgungsspannung<\/li>\n<li>Optimale Signalf\u00fchrung und Stromversorgung f\u00fcr eine ausgezeichnete Klangqualit\u00e4t<\/li>\n<li>\u201eGround Lift\u201c-Schalter zur Vermeidung von Masseschleifen<\/li>\n<li>Einfachste Konfiguration \u00fcber die intuitive DSP PC-Tool V4 Software<\/li>\n<\/ul>\n<p>&nbsp;<\/p>\n<h3>Spezielle Features:<\/h3>\n<h4>96 kHz Abtastrate<\/h4>\n<p>Der HELIX DSP.3 bietet eine Signalverarbeitung mit einer doppelten Abtastrate von 96 kHz. Dadurch ist die Audiobandbreite nicht wie \u00fcblich auf 22 kHz begrenzt, sondern erlaubt einen ausgedehnten Frequenzgang bis \u00fcber 40 kHz. Die h\u00f6here Abtastrate stellt aber deutlich h\u00f6here Anforderungen an den DSP selbst, denn die Anzahl der m\u00f6glichen Rechenoperationen wird bei einer Verdoppelung der Abtastrate auf die H\u00e4lfte reduziert. Erst der Einsatz der allerneuesten Chipgeneration erm\u00f6glicht es, trotz gesteigertem Funktionsumfang die Abtastrate auf 96 kHz anzuheben.<\/p>\n<h4>ACO\u00a0\u2013 Advanced 32 Bit CoProcessor<\/h4>\n<p>Der HELIX DSP.3 verwendet f\u00fcr alle internen wie auch externen Steuerungs- und Kommunikationsaufgaben einen besonders leistungsstarken 32 Bit CoProcessor der neuesten Generation. Im Gegensatz zum bisher verwendeten 8 Bit Prozessor ergeben sich daraus deutliche Geschwindigkeitsvorteile nicht nur bei der Umschaltung zwischen verschiedenen Sound Setups sondern vor allem auch in der Datenkommunikation mit unserer DSP PC-Tool Software. Ein weiterer wesentlicher Vorteil ist derintegrierte, native Bootloader des CoProcessors. Dieser erm\u00f6glicht Software-Upgrades aller Komponenten des DSPs, um beispielsweise den Mikrocontroller-gesteuerten ADEP.3-Schaltkreis auch zuk\u00fcnftig auf \u00c4nderungen bei Diagnosesystemen von Werksradios anpassen zu k\u00f6nnen oder das Ger\u00e4t um weitere Schnittstellen zu erweitern. Dar\u00fcber hinaus bietet der ACO dank des neuen Flashspeichers Platz f\u00fcr 10 Sound Setups anstelle der \u00fcblichen zwei.<\/p>\n<h4>Intelligenter Highlevel-Eingang ADEP.3<\/h4>\n<p>Moderne, ab Werk verbaute Autoradios werden bez\u00fcglich der Diagnose der angeschlossenen Lautsprecher immer intelligenter. Speziell die neueste Generation ist mit zus\u00e4tzlichen \u00dcberwachungsfunktionen ausgestattet, sodass bei Anschluss eines zus\u00e4tzlichen Signalprozessors Fehlermeldungen oder gar Fehlfunktionen auftreten k\u00f6nnen. Der neue ADEP.3-Schaltkreis (Advanced Diagnostics Error Protection Generation 3) verhindert diese Probleme ohne die Lautsprecherausg\u00e4nge des Radios bei hohen Pegeln unn\u00f6tig zu belasten.<\/p>\n<h4>Start-Stopf\u00e4higkeit<\/h4>\n<p>Das Netzteil im HELIX DSP.3 stellt die interne Spannungsversorgung auch bei kurzfristigen Einbr\u00fcchen bis hinab zu 6 Volt sicher. Damit ist gew\u00e4hrleistet, dass der HELIX DSP.3 auch beim Motorstart voll funktionsf\u00e4hig bleibt.<\/p>\n<h4>Power Save Modus<\/h4>\n<p>Der Power Save Modus ist in den Grundeinstellungen der DSP PC-Tool Software aktiviert. Er erlaubt, die Leistungsaufnahme der an den Signalprozessor angeschlossenen Verst\u00e4rker drastisch zu reduzieren, wenn f\u00fcr l\u00e4nger als 60 Sek. kein Eingangssignal anliegt. Es ist zu ber\u00fccksichtigen, dass heutzutage viele Fahrzeuge mit \u201eCAN\u201c oder \u00e4hnlichen internen Bussystemen ausgestattet sind, die das Radio f\u00fcr den Anwender \u201eunsichtbar\u201c noch bis zu 45 Min. eingeschaltet lassen, selbst wenn man zwischenzeitlich das Fahrzeug verl\u00e4sst und abgeschlossen hat. Sobald der \u201ePower Save Mode\u201c aktiv ist, wird der Remote-Ausgang und damit dieangeschlossenen Verst\u00e4rker abgeschaltet. Der HELIX DSP.3 reaktiviert den Remote-Ausgang innerhalb einer Sekunde, sobald wieder ein Musiksignal an einem seiner Eing\u00e4nge anliegt. Es ist zudem m\u00f6glich, \u00fcber die DSP PC\u2011Tool Software die Abschaltverz\u00f6gerung zu variieren bzw. den \u201ePower Save Mode\u201c komplett zu deaktivieren.<\/p>\n<h4>Automatic Digital Signal Detection<\/h4>\n<p>Die Umschaltung zwischen den analogen und dem Digitaleingang erfolgt signalgesteuert. Sobald ein Audiosignal am Optical Input detektiert wird, schaltet der Signalprozessor auf diesen Eingang um. In der DSP PC-Tool Software kann diese Funktion deaktiviert oder alternativ eine manuelle Steuerung \u00fcber eine optional erh\u00e4ltliche Fernbedienung gew\u00e4hlt werden.<\/p>\n<p>&nbsp;<\/p>\n<p>Hinweis: Die\u00a0<em>Bluetooth<sup>\u00ae<\/sup><\/em>\u00a0Wortmarke und die Logos sind eingetragene Warenzeichen der Bluetooth SIG, Inc. und jegliche Nutzung dieser Marken durch die Audiotec Fischer GmbH geschieht unter Lizenz. Andere Handelsmarken und Handelsnamen geh\u00f6ren den jeweiligen Inhabern.<\/p>\n<p>&nbsp;<\/p>\n<\/div>\n<div id=\"dspfeatures\" class=\"product--dspfeatures-headline\">\n<h3>DSP Features<\/h3>\n<\/div>\n<div class=\"detail--dspfeatures\">\n<h4>RealCenter<\/h4>\n<p>Die \u201eRealCenter\u201c-Funktion ist ein propriet\u00e4rer Algorithmus von Audiotec Fischer, der die monauralen Informationen des linken und rechten Frontkanals hervorhebt, um ein einzigartiges Centersignal zu erzeugen. Im Gegensatz zu \u00fcblichen Verfahren, bei dem lediglich die Kan\u00e4le aufsummiert werden, kommt hier zus\u00e4tzlich eine dynamische Steuerung des Centersignals durch den stereophonen Informationsgehalt des linken und rechten Kanals hinzu. Das bedeutet, dass der Centerkanal kein Signal wiedergibt, wenn ausschlie\u00dflich der linke oder nur der rechte Kanal ein Audiosignal liefert. Bei \u00fcblichen Algorithmen w\u00e4re in diesem Fall der Centerkanal lediglich um 6 dB leiser. Audiotec Fischers \u201eRealCenter\u201c erm\u00f6glicht somit eine einmalige, breitgef\u00e4cherte B\u00fchnenabbildung &#8211; und das f\u00fcr Fahrer und Beifahrer gleicherma\u00dfen optimal! Die Nachteile eines herk\u00f6mmlichen Centerkanals, wie beispielsweise eine aufdringliche, enge r\u00e4umliche Klangdarstellung geh\u00f6ren somit endlich der Vergangenheit an.<\/p>\n<h4>Augmented Bass Processing<\/h4>\n<p>Audiotec Fischers propriet\u00e4res \u201eAugmented Bass Processing\u201c, bestehend aus den zwei revolution\u00e4ren Sound-Features: \u201eDynamic Bass Enhancement\u201c und \u201eSubXpander\u201c. Diese sind speziell daf\u00fcr entwickelt worden, die Basswiedergabe von Subwoofern dramatisch zu verbessern.<br \/>\n\u201eDynamic Bass Enhancement\u201c kombiniert in genialer Weise maximales Tiefbassfundament und hohen Maximalschalldruck \u2013 unabh\u00e4ngig von der geh\u00f6rten Musikrichtung oder den Klangeinstellungen im Radio. In Abh\u00e4ngigkeit vom Eingangssignal verst\u00e4rkt \u201eDynamic Bass Enhancement\u201c einerseits den unteren Frequenzbereich und variiert andererseits die Grenzfrequenz des Subsonic-Filters. Das Resultat ist eine wesentlich kraftvollere, tiefere Basswiedergabe bei kleinen und mittleren Lautst\u00e4rken ohne Gefahr zu laufen, den Subwoofer bei hohen Lautst\u00e4rken mechanisch oder elektrisch zu \u00fcberlasten. Es ist schlicht faszinierend, welche Bass-Performance pl\u00f6tzlich m\u00f6glich ist.<br \/>\nWer den Tieftonbereich noch etwas tiefer und \u201eschw\u00e4rzer\u201c haben m\u00f6chte, kann zus\u00e4tzlich den \u201eSubXpander\u201c aktivieren. Hier werden zu den Grundt\u00f6nen im Frequenzbereich zwischen 50 und 100 Hz zus\u00e4tzlich subharmonische T\u00f6ne hinzu gemischt.<\/p>\n<h4>StageXpander<\/h4>\n<p>Je nach Anordnung der Lautsprecher im Fahrzeug l\u00e4sst sich auf den vorderen Sitzpl\u00e4tzen eine mehr oder weniger breite Stereob\u00fchne realisieren. Ist zus\u00e4tzlich ein Center-Lautsprecher verbaut, so begrenzt dieser die r\u00e4umliche Abbildung der Musik mitunter zus\u00e4tzlich. Hier schl\u00e4gt die Stunde von Audiotec Fischers neuem \u201eStageXpander\u201c \u2013 ein Soundfeature, welches die akustischen Grenzen aufzuheben scheint und somit eine deutlich breitere Stereobasis erm\u00f6glicht, ohne dabei die Pr\u00e4zision bei der Lokalisierung von Stimmen oder Instrumenten negativ zu beeinflussen. Der Effekt l\u00e4sst sich dabei in vier Stufen an den pers\u00f6nlichen Geschmack anpassen.<\/p>\n<h4>ClarityXpander<\/h4>\n<p>Mehr Transparenz und Substanz in der Hochtonwiedergabe gef\u00e4llig? Daf\u00fcr bietet Audiotec Fischer mit dem \u201eClarityXpander\u201c nun genau das richtige Werkzeug.<br \/>\nRichtig dosiert (und deshalb in drei Stufen w\u00e4hlbar) verleiht es den Obert\u00f6nen zus\u00e4tzliche Strahlkraft \u2013 besonders sinnvoll, wenn die Original-Lautsprecher den n\u00f6tigen Glanz im Hochtonbereich vermissen lassen. Dabei gibt es den Extra-Hochtonkick nicht nur f\u00fcr die beiden Frontkan\u00e4le, sondern auch separat einstellbar f\u00fcr den Centerkanal. Und weil gerade beim letztgenannten ein Qu\u00e4ntchen zu viel in Verbindung mit obertonreichem Musikmaterial das Geh\u00f6r erm\u00fcdet, kann hier sogar eine automatische, dynamische Steuerung des zus\u00e4tzlichen Obertonanteils aktiviert werden.<\/p>\n<\/div>\n","protected":false},"excerpt":{"rendered":"<div id=\"technicaldata\" class=\"product--technicaldata-headline\">\n<h3>Technische Daten<\/h3>\n<\/div>\n<div class=\"detail--technicaldata\">\n<table border=\"0\" cellspacing=\"0\" cellpadding=\"0\">\n<colgroup>\n<col \/>\n<col \/><\/colgroup>\n<tbody>\n<tr>\n<td align=\"left\" valign=\"top\"><strong>Eing\u00e4nge<\/strong><\/td>\n<td class=\"xl86\">6 x Cinch<br \/>\n6 x Hochpegel-Lautsprechereingang<br \/>\n1 x Optisch SPDIF-Format (12 &#8211; 96 kHz)<br \/>\n1 x Remote In<\/td>\n<\/tr>\n<tr>\n<td align=\"left\" valign=\"top\"><strong>Eingangs-Empfindlichkeit<\/strong><\/td>\n<td class=\"xl86\">Cinch 2 &#8211; 4 Volt<br \/>\nHochpegel 5 &#8211; 11 Volt<\/td>\n<\/tr>\n<tr>\n<td align=\"left\" valign=\"top\"><strong>Ausg\u00e4nge<\/strong><\/td>\n<td class=\"xl86\">8 x Cinch<br \/>\n1 x Remote Out<\/td>\n<\/tr>\n<tr>\n<td align=\"left\" valign=\"top\"><strong>Ausgangsspannung<\/strong><\/td>\n<td class=\"xl86\">6 Volt<\/td>\n<\/tr>\n<tr>\n<td align=\"left\" valign=\"top\"><strong>Frequenzbereich<\/strong><\/td>\n<td class=\"xl86\">10 Hz &#8211; 44.000 Hz<\/td>\n<\/tr>\n<tr>\n<td align=\"left\" valign=\"top\"><strong>DSP Aufl\u00f6sung<\/strong><\/td>\n<td class=\"xl86\">64 Bit<\/td>\n<\/tr>\n<tr>\n<td align=\"left\" valign=\"top\"><strong>DSP Rechenleistung<\/strong><\/td>\n<td class=\"xl86\">295 MHz (1,2 Mrd. MAC Operationen\/Sekunde)<\/td>\n<\/tr>\n<tr>\n<td align=\"left\" valign=\"top\"><strong>Abtastrate<\/strong><\/td>\n<td class=\"xl86\">96 kHz<\/td>\n<\/tr>\n<tr>\n<td align=\"left\" valign=\"top\"><strong>DSP Typ<\/strong><\/td>\n<td class=\"xl86\">Audio Signalprozessor<\/td>\n<\/tr>\n<tr>\n<td align=\"left\" valign=\"top\"><strong>Signalwandler<\/strong><\/td>\n<td class=\"xl84\">A\/D: Asahi Kasei 32 Bit<br \/>\nD\/A: Asahi Kasei 32 Bit<\/td>\n<\/tr>\n<tr>\n<td align=\"left\" valign=\"top\"><strong>Signal- \/ Rauschabstand Digitaleingang<\/strong><\/td>\n<td class=\"xl82\">114 dB (A-bewertet)<\/td>\n<\/tr>\n<tr>\n<td align=\"left\" valign=\"top\"><strong>Signal- \/ Rauschabstand Analogeingang<\/strong><\/td>\n<td class=\"xl84\">110 dB (A-bewertet)<\/td>\n<\/tr>\n<tr>\n<td align=\"left\" valign=\"top\"><strong>Klirrfaktor (THD+N) Digitaleingang<\/strong><\/td>\n<td class=\"xl86\">&lt; 0,0006 %<\/td>\n<\/tr>\n<tr>\n<td align=\"left\" valign=\"top\"><strong>Klirrfaktor (THD+N) Analogeingang<\/strong><\/td>\n<td class=\"xl86\">&lt; 0,0015 %<\/td>\n<\/tr>\n<tr>\n<td align=\"left\" valign=\"top\"><strong>Intermodulations-Verzerrungen Digitaleingang<\/strong><\/td>\n<td class=\"xl86\">&lt; 0,003 %<\/td>\n<\/tr>\n<tr>\n<td align=\"left\" valign=\"top\"><strong>Intermodulations-Verzerrungen Analogeingang<\/strong><\/td>\n<td class=\"xl86\">&lt; 0,005 %<\/td>\n<\/tr>\n<tr>\n<td align=\"left\" valign=\"top\"><strong>\u00dcbersprechen<\/strong><\/td>\n<td class=\"xl84\">&gt; 90 dB<\/td>\n<\/tr>\n<tr>\n<td align=\"left\" valign=\"top\"><strong>Betriebsspannung<\/strong><\/td>\n<td class=\"xl86\">9,6 &#8211; 18 Volt (max. 5 Sek. bis hinab zu 6 Volt)<\/td>\n<\/tr>\n<tr>\n<td align=\"left\" valign=\"top\"><strong>Stromaufnahme<\/strong><\/td>\n<td class=\"xl87\">&lt; 450 mA<\/td>\n<\/tr>\n<tr>\n<td align=\"left\" valign=\"top\"><strong>Max. Remote-Ausgangsstrom<\/strong><\/td>\n<td class=\"xl86\">500 mA<\/td>\n<\/tr>\n<tr>\n<td align=\"left\" valign=\"top\"><strong>Zus\u00e4tzliche Features<\/strong><\/td>\n<td class=\"xl86\">HEC Slot, Masseschalter, Control Input,<br \/>\n32 Bit CoProcessor, ADEP.3-Schaltkreis, Auto Remote-Schalter<\/td>\n<\/tr>\n<tr>\n<td align=\"left\" valign=\"top\"><strong>Abmessungen (H x B x T)<\/strong><\/td>\n<td class=\"xl86\">40 x 177 x 120 mm<\/td>\n<\/tr>\n<\/tbody>\n<\/table>\n<\/div>\n<div id=\"supply\" class=\"detail-supply-headline\">\n<h3>Lieferumfang<\/h3>\n<\/div>\n<div class=\"detail--supply-content\">\n<div class=\"product--supply-inner\">\n<p>1 x Signalprozessor HELIX DSP.3<br \/>\n1 x USB Datenkabel<br \/>\n1 x Befestigungsmaterial<br \/>\n1 x Bedienungsanleitung<\/p>\n<\/div>\n<div class=\"product--featureslist-headline\">\n<h3>Technologien<\/h3>\n<\/div>\n<div class=\"product--featureslist\">\n<h4>Eing\u00e4nge<\/h4>\n<p><a href=\"https:\/\/www.audiotec-fischer.de\/knowledge-base\/feature-buttons\/#higlevel-input\" target=\"_blank\" rel=\"noopener\"><img loading=\"lazy\" decoding=\"async\" class=\"\" src=\"https:\/\/www.audiotec-fischer.de\/media\/image\/04\/f2\/98\/Highlevel-Input.jpg\" alt=\"Highlevel Input Feature\" width=\"159\" height=\"99\" \/><\/a>\u00a0<a href=\"https:\/\/www.audiotec-fischer.de\/knowledge-base\/feature-buttons\/#rca-input\" target=\"_blank\" rel=\"noopener\"><img loading=\"lazy\" decoding=\"async\" class=\"\" src=\"https:\/\/www.audiotec-fischer.de\/media\/image\/c9\/d7\/49\/RCA-Input.jpg\" alt=\"RCA Input Feature\" width=\"160\" height=\"100\" \/><\/a>\u00a0<a href=\"https:\/\/www.audiotec-fischer.de\/knowledge-base\/feature-buttons\/#optical-input\" target=\"_blank\" rel=\"noopener\"><img loading=\"lazy\" decoding=\"async\" class=\"\" src=\"https:\/\/www.audiotec-fischer.de\/media\/image\/17\/21\/25\/Optical-Input.jpg\" alt=\"Optical Input Feature\" width=\"160\" height=\"100\" \/><\/a>\u00a0<a href=\"https:\/\/www.audiotec-fischer.de\/knowledge-base\/feature-buttons\/#hec-slot\" target=\"_blank\" rel=\"noopener\"><img loading=\"lazy\" decoding=\"async\" class=\"\" src=\"https:\/\/www.audiotec-fischer.de\/media\/image\/24\/d0\/e7\/HEC-slot.jpg\" alt=\"HEC slot Feature\" width=\"159\" height=\"101\" \/><\/a>\u00a0<a href=\"https:\/\/www.audiotec-fischer.de\/knowledge-base\/feature-buttons\/#adep3\" target=\"_blank\" rel=\"noopener\"><img loading=\"lazy\" decoding=\"async\" class=\"\" src=\"https:\/\/www.audiotec-fischer.de\/media\/image\/7c\/80\/c4\/ADEP-3.jpg\" alt=\"ADEP 3 Feature\" width=\"159\" height=\"99\" \/><\/a><\/p>\n<h4>DSP-Features<\/h4>\n<p><a href=\"https:\/\/www.audiotec-fischer.de\/knowledge-base\/feature-buttons\/#high-res\" target=\"_blank\" rel=\"noopener\"><img loading=\"lazy\" decoding=\"async\" class=\"\" src=\"https:\/\/www.audiotec-fischer.de\/media\/image\/7a\/64\/eb\/High-Res-Audio.jpg\" alt=\"High Res Audio Feature\" width=\"159\" height=\"99\" \/><\/a>\u00a0<a href=\"https:\/\/www.audiotec-fischer.de\/knowledge-base\/feature-buttons\/#aco\" target=\"_blank\" rel=\"noopener\"><img loading=\"lazy\" decoding=\"async\" class=\"\" src=\"https:\/\/www.audiotec-fischer.de\/media\/image\/ac\/cc\/07\/ACO-Advanced-CoProcessor.jpg\" alt=\"Advanced Co Processor Feature\" width=\"159\" height=\"99\" \/><\/a>\u00a0<a href=\"https:\/\/www.audiotec-fischer.de\/knowledge-base\/feature-buttons\/#56bit-dsp\" target=\"_blank\" rel=\"noopener\"><img loading=\"lazy\" decoding=\"async\" class=\"\" src=\"https:\/\/www.audiotec-fischer.de\/media\/image\/fa\/81\/86\/DSP-Inside-56-BIT.jpg\" alt=\"56Bit DSP Feature\" width=\"160\" height=\"100\" \/><\/a>\u00a0<a href=\"https:\/\/www.audiotec-fischer.de\/knowledge-base\/feature-buttons\/#64bit-dsp\" target=\"_blank\" rel=\"noopener\"><img loading=\"lazy\" decoding=\"async\" class=\"\" src=\"https:\/\/www.audiotec-fischer.de\/media\/image\/f7\/60\/ae\/DSP-Inside-64-BIT.jpg\" alt=\"64 Bit DSP Feature\" width=\"160\" height=\"100\" \/><\/a>\u00a0<a href=\"https:\/\/www.audiotec-fischer.de\/knowledge-base\/feature-buttons\/#twin-dsp\" target=\"_blank\" rel=\"noopener\"><img loading=\"lazy\" decoding=\"async\" class=\"\" src=\"https:\/\/www.audiotec-fischer.de\/media\/image\/52\/79\/ae\/TwinDSP-Power_1.jpg\" alt=\"TwinDSP Power Feature\" width=\"158\" height=\"100\" \/><\/a>\u00a0<a href=\"https:\/\/www.audiotec-fischer.de\/knowledge-base\/feature-buttons\/#isa\" target=\"_blank\" rel=\"noopener\"><img loading=\"lazy\" decoding=\"async\" class=\"\" src=\"https:\/\/www.audiotec-fischer.de\/media\/image\/52\/f9\/7a\/ISA-Input-Signal-Analyzer.jpg\" alt=\"Input Signal Analyzer Feature\" width=\"159\" height=\"99\" \/><\/a>\u00a0<a href=\"https:\/\/www.audiotec-fischer.de\/knowledge-base\/feature-buttons\/#atm\" target=\"_blank\" rel=\"noopener\"><img loading=\"lazy\" decoding=\"async\" class=\"\" src=\"https:\/\/www.audiotec-fischer.de\/media\/image\/fd\/a7\/78\/ATM_Automatic_Time_Measurement.jpg\" alt=\"Automatic Time Measurement Feature\" width=\"160\" height=\"99\" \/><\/a>\u00a0<a href=\"https:\/\/www.audiotec-fischer.de\/knowledge-base\/feature-buttons\/#sfx\" target=\"_blank\" rel=\"noopener\"><img loading=\"lazy\" decoding=\"async\" class=\"\" src=\"https:\/\/www.audiotec-fischer.de\/media\/image\/8c\/53\/97\/SFX-DSP-Sound-Effects.jpg\" alt=\"SFX DSP Sound Effects Feature\" width=\"159\" height=\"99\" \/><\/a><\/p>\n<h4>Hardware Technologien<\/h4>\n<p><a href=\"https:\/\/www.audiotec-fischer.de\/knowledge-base\/feature-buttons\/#smd\" target=\"_blank\" rel=\"noopener\"><img loading=\"lazy\" decoding=\"async\" class=\"\" src=\"https:\/\/www.audiotec-fischer.de\/media\/image\/38\/2d\/3d\/SMD.jpg\" alt=\"Surface Mounted Device\" width=\"159\" height=\"99\" \/><\/a>\u00a0<a href=\"https:\/\/www.audiotec-fischer.de\/knowledge-base\/feature-buttons\/#auto-remote\" target=\"_blank\" rel=\"noopener\"><img loading=\"lazy\" decoding=\"async\" class=\"\" src=\"https:\/\/www.audiotec-fischer.de\/media\/image\/5b\/7d\/e0\/Auto-Remote-Switch.jpg\" alt=\"Auto Remote Switch Feature\" width=\"159\" height=\"99\" \/><\/a><\/p>\n<h4>zus\u00e4tzliche Features<\/h4>\n<p><a href=\"https:\/\/www.audiotec-fischer.de\/knowledge-base\/feature-buttons\/#pc-tool\" target=\"_blank\" rel=\"noopener\"><img loading=\"lazy\" decoding=\"async\" class=\"\" src=\"https:\/\/www.audiotec-fischer.de\/media\/image\/4c\/7e\/b2\/DSP-PC-Tool-ready.jpg\" alt=\"DSP PC Tool Ready Feature\" width=\"160\" height=\"100\" \/><\/a>\u00a0<a href=\"https:\/\/www.audiotec-fischer.de\/knowledge-base\/feature-buttons\/#start-stop\" target=\"_blank\" rel=\"noopener\"><img loading=\"lazy\" decoding=\"async\" class=\"\" src=\"https:\/\/www.audiotec-fischer.de\/media\/image\/36\/1d\/18\/Start-Stop-Capability.jpg\" alt=\"Start Stop Capability Feature\" width=\"159\" height=\"99\" \/>\u00a0<\/a><a href=\"https:\/\/www.audiotec-fischer.de\/knowledge-base\/feature-buttons\/#power-safe\" target=\"_blank\" rel=\"noopener\"><img loading=\"lazy\" decoding=\"async\" class=\"\" src=\"https:\/\/www.audiotec-fischer.de\/media\/image\/ba\/c0\/be\/PSM.jpg\" alt=\"Power Safe Mode Feature\" width=\"159\" height=\"99\" \/><\/a><a href=\"https:\/\/www.audiotec-fischer.de\/knowledge-base\/feature-buttons\/#start-stop\" target=\"_blank\" rel=\"noopener\">\u00a0<\/a><a href=\"https:\/\/www.audiotec-fischer.de\/knowledge-base\/feature-buttons\/#remote-control\" target=\"_blank\" rel=\"noopener\"><img loading=\"lazy\" decoding=\"async\" class=\"\" src=\"https:\/\/www.audiotec-fischer.de\/media\/image\/59\/04\/2b\/Remote-Control-ready.jpg\" alt=\"Remote Control Ready Feature\" width=\"159\" height=\"100\" \/><\/a><a href=\"https:\/\/www.audiotec-fischer.de\/knowledge-base\/feature-buttons\/#start-stop\" target=\"_blank\" rel=\"noopener\">\u00a0<\/a><a href=\"https:\/\/www.audiotec-fischer.de\/knowledge-base\/feature-buttons\/#made-in-germany\" target=\"_blank\" rel=\"noopener\"><img loading=\"lazy\" decoding=\"async\" class=\"\" src=\"https:\/\/www.audiotec-fischer.de\/media\/image\/c0\/56\/fe\/Made-in-Germany.jpg\" alt=\"Made in Germany Feature\" width=\"159\" height=\"99\" \/><\/a><\/p>\n<\/div>\n<\/div>\n","protected":false},"featured_media":456,"template":"","meta":[],"product_brand":[],"product_cat":[32,60,64],"product_tag":[],"class_list":{"0":"post-446","1":"product","2":"type-product","3":"status-publish","4":"has-post-thumbnail","6":"product_cat-car-audio-hifi","7":"product_cat-dsp-digitaler-sound-prozessor","8":"product_cat-helix-dsp-digitaler-sound-prozessor","9":"product_shipping_class-packet-m","11":"first","12":"instock","13":"taxable","14":"shipping-taxable","15":"purchasable","16":"product-type-simple"},"_links":{"self":[{"href":"https:\/\/www.extreme-sound.de\/index.php\/wp-json\/wp\/v2\/product\/446","targetHints":{"allow":["GET"]}}],"collection":[{"href":"https:\/\/www.extreme-sound.de\/index.php\/wp-json\/wp\/v2\/product"}],"about":[{"href":"https:\/\/www.extreme-sound.de\/index.php\/wp-json\/wp\/v2\/types\/product"}],"wp:featuredmedia":[{"embeddable":true,"href":"https:\/\/www.extreme-sound.de\/index.php\/wp-json\/wp\/v2\/media\/456"}],"wp:attachment":[{"href":"https:\/\/www.extreme-sound.de\/index.php\/wp-json\/wp\/v2\/media?parent=446"}],"wp:term":[{"taxonomy":"product_brand","embeddable":true,"href":"https:\/\/www.extreme-sound.de\/index.php\/wp-json\/wp\/v2\/product_brand?post=446"},{"taxonomy":"product_cat","embeddable":true,"href":"https:\/\/www.extreme-sound.de\/index.php\/wp-json\/wp\/v2\/product_cat?post=446"},{"taxonomy":"product_tag","embeddable":true,"href":"https:\/\/www.extreme-sound.de\/index.php\/wp-json\/wp\/v2\/product_tag?post=446"}],"curies":[{"name":"wp","href":"https:\/\/api.w.org\/{rel}","templated":true}]}}