{"id":550,"date":"2021-01-25T12:30:28","date_gmt":"2021-01-25T11:30:28","guid":{"rendered":"https:\/\/www.extreme-sound.de\/?post_type=product&#038;p=550"},"modified":"2022-03-05T10:42:39","modified_gmt":"2022-03-05T09:42:39","slug":"helix-c-four","status":"publish","type":"product","link":"https:\/\/www.extreme-sound.de\/index.php\/produkt\/helix-c-four\/","title":{"rendered":"HELIX C FOUR"},"content":{"rendered":"<div id=\"description\" class=\"detail-decription-headline\">\n<h2>HELIX C FOUR<\/h2>\n<\/div>\n<div id=\"description--text\" class=\"product--description\">\n<p>Fantastische Klangqualit\u00e4t \u2013 beeindruckend, leistungsstark<\/p>\n<p>Die C FOUR ist ein 4-Kanal-Verst\u00e4rker der absoluten Spitzenklasse, dessen Konstruktion sich bis ins Detail dem perfekten Klang verschrieben hat. Eine ultra rausch- und klirrarme Treiberstufe in Class A-Technik steuert insgesamt 32 handselektierte Leistungs-MOSFETs, die mit einem D\u00e4mpfungsfaktor von 1.000 jeden Lautsprecher eisern im Griff haben. F\u00fcr stabile Verh\u00e4ltnisse sorgt auch die intelligente Netzteilregelung, die die Versorgungsspannung f\u00fcr die Ausgangstransistoren des Verst\u00e4rkers konstant h\u00e4lt. Somit sind die ph\u00e4nomenalen Leistungsdaten der C FOUR unabh\u00e4ngig von der Betriebsspannung.<br \/>\nDen perfekten \u00dcbergang zur digitalen Welt schafft die C FOUR mit dem optional erh\u00e4ltlichen SPDIF-Eingangsmodul HDM 2. Dieses empf\u00e4ngt digitale Audiosignale bis 96\u00a0kHz Abtastrate verlustfrei \u00fcber Lichtleiter und wandelt es \u00fcber zwei BurrBrown Stereo DA-Wandler der letzten Generation mit 32 Bit Aufl\u00f6sung in die analoge Ebene zur\u00fcck. Somit ist die C FOUR absolut zukunftssicher und perfekt f\u00fcr die Kombination mit unseren digitalen Signalprozessoren ger\u00fcstet.<\/p>\n<\/div>\n<div id=\"features\" class=\"detail-features-headline\">\n<h3>Features<\/h3>\n<\/div>\n<div class=\"product--features\">\n<ul>\n<li>Extrem breitbandiger Class\u202fAB-Verst\u00e4rker mit jeweils acht selektieren MOSFET Transistoren pro Kanal f\u00fcr au\u00dfergew\u00f6hnliche Klangqualit\u00e4t &#8211; ideal f\u00fcr High Resolution Audio<\/li>\n<li>Ultra rausch- und klirrarme Endstufentreiber in Class\u202fA-Technologie<\/li>\n<li>Enormer D\u00e4mpfungsfaktor von 1.000 @ 4 Ohm f\u00fcr perfekte Lautsprecherkontrolle<\/li>\n<li>Optional erh\u00e4ltliches HELIX Digital Input Modul (HDM) zur Erweiterung des Verst\u00e4rkers um zwei optische Digitaleing\u00e4nge im SPDIF-Format<\/li>\n<li>Integrierte, aktive Frequenzweiche mit Hochpass, Tiefpass und Bandpass<\/li>\n<li>Geregeltes DC-\u202f\/\u202fDC-Schaltnetzteil mit Start-Stopf\u00e4higkeit bis hinab zu 6V Versorgungsspannung<\/li>\n<li>Prozessorgesteuerte \u00dcberwachung des Verst\u00e4rkers und temperaturgesteuerte L\u00fcfterregelung<\/li>\n<li>Input Mode-Schalter zur flexiblen Verteilung der Eingangssignale<\/li>\n<li>BurrBrown DA-Wandler der neuesten Generation mit 32 Bit Aufl\u00f6sung in Kombination mit dem optionalen HDM 2 Modul<\/li>\n<li>24 Karat vergoldete massive Strom- und Lautsprecheranschl\u00fcsse<\/li>\n<li>Aufgekupferte 70\u03bc Leiterbahnen f\u00fcr optimalen Stromfluss<\/li>\n<li>SMD-Technologie (Surface Mounted Device) auf Vierfach-Multilayer Leiterkarte<\/li>\n<\/ul>\n<p>&nbsp;<\/p>\n<h3>Spezielle Features:<\/h3>\n<h4>Start-Stopf\u00e4higkeit<\/h4>\n<p>Das Netzteil im HELIX C FOUR Verst\u00e4rker stellt die interne Spannungsversorgung auch bei kurzfristigen Einbr\u00fcchen bis hinab zu 6 Volt sicher. Damit ist gew\u00e4hrleistet, dass die HELIX C FOUR auch beim Motorstart voll funktionsf\u00e4hig bleibt.<\/p>\n<h4>High-Resolution Audio<\/h4>\n<p>Die extrem hohe Audiobandbreite dieses Verst\u00e4rkers erm\u00f6glicht eine verlustfreie Audiowiedergabe von High-Resolution Audiosignalen, um den bestm\u00f6glichen Klang in Studioqualit\u00e4t zu gew\u00e4hrleisten.<\/p>\n<\/div>\n","protected":false},"excerpt":{"rendered":"<div id=\"technicaldata\" class=\"product--technicaldata-headline\">\n<h3>Technische Daten<\/h3>\n<\/div>\n<div class=\"detail--technicaldata\">\n<table border=\"0\" cellspacing=\"0\" cellpadding=\"0\">\n<colgroup>\n<col \/>\n<col \/><\/colgroup>\n<tbody>\n<tr>\n<td align=\"left\" valign=\"top\"><strong>Leistung RMS \/ Max.<\/strong><\/td>\n<td align=\"left\" valign=\"top\"><\/td>\n<\/tr>\n<tr>\n<td align=\"left\" valign=\"top\">&#8211; @ 4 Ohm<\/td>\n<td align=\"left\" valign=\"top\">4 x\u00a0150 \/ 300 Watt<\/td>\n<\/tr>\n<tr>\n<td align=\"left\" valign=\"top\">&#8211; @ 2 Ohm<\/td>\n<td align=\"left\" valign=\"top\">4 x 220 \/ 440 Watt<\/td>\n<\/tr>\n<tr>\n<td align=\"left\" valign=\"top\">&#8211; @ 1 Ohm<\/td>\n<td align=\"left\" valign=\"top\">&#8211;<\/td>\n<\/tr>\n<tr>\n<td align=\"left\" valign=\"top\">&#8211; gebr\u00fcckt an 4 Ohm<\/td>\n<td align=\"left\" valign=\"top\">2 x 440 \/ 880 Watt<\/td>\n<\/tr>\n<tr>\n<td align=\"left\" valign=\"top\">&#8211; gebr\u00fcckt an 2 Ohm<\/td>\n<td align=\"left\" valign=\"top\">&#8211;<\/td>\n<\/tr>\n<tr>\n<td align=\"left\" valign=\"top\"><strong>Max. Leistung pro Kanal*<\/strong><\/td>\n<td align=\"left\" valign=\"top\">Bis zu 250 Watt RMS @ 2 Ohm<\/td>\n<\/tr>\n<tr>\n<td align=\"left\" valign=\"top\"><strong>Verst\u00e4rkertechnologie<\/strong><\/td>\n<td align=\"left\" valign=\"top\">Class AB<\/td>\n<\/tr>\n<tr>\n<td align=\"left\" valign=\"top\"><strong>Eing\u00e4nge<\/strong><\/td>\n<td align=\"left\" valign=\"top\">4 x Cinch<br \/>\n1 x Remote In<br \/>\nOptional via HDM 2 Modul:<br \/>\n2 x Optisch SPDIF-Format (28 &#8211; 96 kHz)<\/td>\n<\/tr>\n<tr>\n<td align=\"left\" valign=\"top\"><strong>Eingangsempfindlichkeit<\/strong><\/td>\n<td align=\"left\" valign=\"top\">Cinch 1 &#8211; 8 Volt<\/td>\n<\/tr>\n<tr>\n<td align=\"left\" valign=\"top\"><strong>Eingangsimpedanz Cinch<\/strong><\/td>\n<td align=\"left\" valign=\"top\">7,5 kOhm<\/td>\n<\/tr>\n<tr>\n<td align=\"left\" valign=\"top\"><strong>Eingangsimpedanz Highlevel<\/strong><\/td>\n<td align=\"left\" valign=\"top\">&#8211;<\/td>\n<\/tr>\n<tr>\n<td align=\"left\" valign=\"top\"><strong>Ausg\u00e4nge<\/strong><\/td>\n<td align=\"left\" valign=\"top\">4 x Lautsprecherausgang<\/td>\n<\/tr>\n<tr>\n<td align=\"left\" valign=\"top\"><strong>Ausgangsspannung Cinch<\/strong><\/td>\n<td align=\"left\" valign=\"top\">&#8211;<\/td>\n<\/tr>\n<tr>\n<td align=\"left\" valign=\"top\"><strong>Signalwandler f\u00fcr den Digitaleingang<\/strong><\/td>\n<td align=\"left\" valign=\"top\">&#8211;<\/td>\n<\/tr>\n<tr>\n<td align=\"left\" valign=\"top\"><strong>Frequenzbereich<\/strong><\/td>\n<td align=\"left\" valign=\"top\">10 Hz &#8211; 80.000 Hz<\/td>\n<\/tr>\n<tr>\n<td align=\"left\" valign=\"top\"><strong>Bass Boost<\/strong><\/td>\n<td align=\"left\" valign=\"top\">&#8211;<\/td>\n<\/tr>\n<tr>\n<td align=\"left\" valign=\"top\"><strong>Hochpass<\/strong><\/td>\n<td align=\"left\" valign=\"top\">15 Hz &#8211; 4.000 Hz regelbar<\/td>\n<\/tr>\n<tr>\n<td align=\"left\" valign=\"top\"><strong>Tiefpass<\/strong><\/td>\n<td align=\"left\" valign=\"top\">15 Hz &#8211; 4.000 Hz regelbar<\/td>\n<\/tr>\n<tr>\n<td align=\"left\" valign=\"top\"><strong>Bandpass<\/strong><\/td>\n<td align=\"left\" valign=\"top\">15 Hz &#8211; 4.000 Hz regelbar<\/td>\n<\/tr>\n<tr>\n<td align=\"left\" valign=\"top\"><strong>Subsonic<\/strong><\/td>\n<td align=\"left\" valign=\"top\">&#8211;<\/td>\n<\/tr>\n<tr>\n<td align=\"left\" valign=\"top\"><strong>Phase<\/strong><\/td>\n<td align=\"left\" valign=\"top\">&#8211;<\/td>\n<\/tr>\n<tr>\n<td align=\"left\" valign=\"top\"><strong>Flankensteilheit Hoch- \/ Tiefpass<\/strong><\/td>\n<td align=\"left\" valign=\"top\">12 dB\/Okt.<\/td>\n<\/tr>\n<tr>\n<td align=\"left\" valign=\"top\"><strong>Flankensteilheit Subsonic \/ Tiefpass<\/strong><\/td>\n<td align=\"left\" valign=\"top\">&#8211;<\/td>\n<\/tr>\n<tr>\n<td align=\"left\" valign=\"top\"><strong>Signal- \/ Rauschabstand Digitaleingang<\/strong><\/td>\n<td align=\"left\" valign=\"top\">&#8211;<\/td>\n<\/tr>\n<tr>\n<td align=\"left\" valign=\"top\"><strong>Signal- \/ Rauschabstand Analogeingang<\/strong><\/td>\n<td align=\"left\" valign=\"top\">112 dB (A-bewertet)<\/td>\n<\/tr>\n<tr>\n<td align=\"left\" valign=\"top\"><strong>Klirrfaktor (THD)<\/strong><\/td>\n<td align=\"left\" valign=\"top\">&lt; 0,007 %<\/td>\n<\/tr>\n<tr>\n<td align=\"left\" valign=\"top\"><strong>D\u00e4mpfungsfaktor<\/strong><\/td>\n<td align=\"left\" valign=\"top\">&gt; 1000<\/td>\n<\/tr>\n<tr>\n<td align=\"left\" valign=\"top\"><strong>Betriebsspannung<\/strong><\/td>\n<td align=\"left\" valign=\"top\">9 &#8211; 16 Volt (max. 5 Sek. bis hinab zu 6 Volt)<\/td>\n<\/tr>\n<tr>\n<td align=\"left\" valign=\"top\"><strong>Leerlaufstromaufnahme<\/strong><\/td>\n<td align=\"left\" valign=\"top\">2400 mA<\/td>\n<\/tr>\n<tr>\n<td align=\"left\" valign=\"top\"><strong>Sicherung<\/strong><\/td>\n<td align=\"left\" valign=\"top\">3 x 30 A LP-Mini-Stecksicherung<\/td>\n<\/tr>\n<tr>\n<td align=\"left\" valign=\"top\"><strong>Zus\u00e4tzliche Features<\/strong><\/td>\n<td align=\"left\" valign=\"top\">Aktive, regelbare Frequenzweiche, HDM Slot,<br \/>\nEingangsmodus-Schalter, High-Resolution Audio, Start-Stopf\u00e4higkeit<\/td>\n<\/tr>\n<tr>\n<td align=\"left\" valign=\"top\"><strong>Abmessungen (H x B x T)<\/strong><\/td>\n<td align=\"left\" valign=\"top\">37,1 x 430 x 240 mm<\/td>\n<\/tr>\n<\/tbody>\n<\/table>\n<p>* In typischen Mehrkanal-Anwendungen (2- \/ 3-W ege System + Rear + Subwoofer)<\/p>\n<p>&nbsp;<\/p>\n<p>&nbsp;<\/p>\n<\/div>\n<div id=\"supply\" class=\"detail-supply-headline\">\n<h3>Lieferumfang<\/h3>\n<\/div>\n<div class=\"detail--supply-content\">\n<div class=\"product--supply-inner\">\n<p>1 x High-End Verst\u00e4rker HELIX C FOUR<br \/>\n2 x Inbusschl\u00fcssel<br \/>\n1 x Befestigungsmaterial<br \/>\n1 x Bedienungsanleitung<\/p>\n<\/div>\n<div class=\"product--pressawards\">\n<p>&nbsp;<\/p>\n<\/div>\n<div class=\"product--featureslist-headline\">\n<h3>Technologien<\/h3>\n<\/div>\n<div class=\"product--featureslist\">\n<h4>Verst\u00e4rkerklasse<\/h4>\n<p><a href=\"https:\/\/www.audiotec-fischer.de\/knowledge-base\/feature-buttons\/#class-ab\" target=\"_blank\" rel=\"noopener\"><img decoding=\"async\" src=\"https:\/\/www.audiotec-fischer.de\/media\/image\/d4\/40\/9f\/Class-AB.jpg\" alt=\"Class AB Feature\" \/><\/a><\/p>\n<h4>Eing\u00e4nge<\/h4>\n<p><a href=\"https:\/\/www.audiotec-fischer.de\/knowledge-base\/feature-buttons\/#rca-input\" target=\"_blank\" rel=\"noopener\"><img decoding=\"async\" src=\"https:\/\/www.audiotec-fischer.de\/media\/image\/c9\/d7\/49\/RCA-Input.jpg\" alt=\"RCA Input Feature\" \/><\/a>\u00a0<a href=\"https:\/\/www.audiotec-fischer.de\/knowledge-base\/feature-buttons\/#hdm\" target=\"_blank\" rel=\"noopener\"><img decoding=\"async\" src=\"https:\/\/www.audiotec-fischer.de\/media\/image\/40\/79\/1b\/HDM-HELIX-Digital-Input-Module.jpg\" alt=\"Helix Digital Input Module Feature\" \/><\/a><\/p>\n<p>&nbsp;<\/p>\n<h4>Hardware Technologien<\/h4>\n<p><a href=\"https:\/\/www.audiotec-fischer.de\/knowledge-base\/feature-buttons\/#rps\" target=\"_blank\" rel=\"noopener\"><img decoding=\"async\" src=\"https:\/\/www.audiotec-fischer.de\/media\/image\/0a\/73\/6a\/Regulated-Power-Supply.jpg\" alt=\"Regulated Power Supply Feature\" \/><\/a>\u00a0<a href=\"https:\/\/www.audiotec-fischer.de\/knowledge-base\/feature-buttons\/#smd\" target=\"_blank\" rel=\"noopener\"><img decoding=\"async\" src=\"https:\/\/www.audiotec-fischer.de\/media\/image\/38\/2d\/3d\/SMD.jpg\" alt=\"Surface Mounted Device\" \/><\/a>\u00a0<a href=\"https:\/\/www.audiotec-fischer.de\/knowledge-base\/feature-buttons\/#active-crossover\" target=\"_blank\" rel=\"noopener\"><img decoding=\"async\" src=\"https:\/\/www.audiotec-fischer.de\/media\/image\/cb\/cf\/95\/Active-Crossover.jpg\" alt=\"Active Crossover Feature\" \/><\/a><\/p>\n<p>&nbsp;<\/p>\n<h4>zus\u00e4tzliche Features<\/h4>\n<p><a href=\"https:\/\/www.audiotec-fischer.de\/knowledge-base\/feature-buttons\/#high-res\" target=\"_blank\" rel=\"noopener\"><img decoding=\"async\" src=\"https:\/\/www.audiotec-fischer.de\/media\/image\/7a\/64\/eb\/High-Res-Audio.jpg\" alt=\"High Res Audio Feature\" \/><\/a>\u00a0<a href=\"https:\/\/www.audiotec-fischer.de\/knowledge-base\/feature-buttons\/#start-stop\" target=\"_blank\" rel=\"noopener\"><img decoding=\"async\" src=\"https:\/\/www.audiotec-fischer.de\/media\/image\/36\/1d\/18\/Start-Stop-Capability.jpg\" alt=\"Start Stop Capability Feature\" \/>\u00a0<\/a><a href=\"https:\/\/www.audiotec-fischer.de\/knowledge-base\/feature-buttons\/#made-in-germany\" target=\"_blank\" rel=\"noopener\"><img decoding=\"async\" src=\"https:\/\/www.audiotec-fischer.de\/media\/image\/c0\/56\/fe\/Made-in-Germany.jpg\" alt=\"Made in Germany Feature\" \/><\/a><\/p>\n<\/div>\n<\/div>\n","protected":false},"featured_media":563,"template":"","meta":[],"product_brand":[],"product_cat":[69,32,61],"product_tag":[],"class_list":{"0":"post-550","1":"product","2":"type-product","3":"status-publish","4":"has-post-thumbnail","6":"product_cat-4-kanal-verstaerker","7":"product_cat-car-audio-hifi","8":"product_cat-verstaerker","9":"product_shipping_class-packet-l","11":"first","12":"instock","13":"taxable","14":"shipping-taxable","15":"purchasable","16":"product-type-simple"},"_links":{"self":[{"href":"https:\/\/www.extreme-sound.de\/index.php\/wp-json\/wp\/v2\/product\/550","targetHints":{"allow":["GET"]}}],"collection":[{"href":"https:\/\/www.extreme-sound.de\/index.php\/wp-json\/wp\/v2\/product"}],"about":[{"href":"https:\/\/www.extreme-sound.de\/index.php\/wp-json\/wp\/v2\/types\/product"}],"wp:featuredmedia":[{"embeddable":true,"href":"https:\/\/www.extreme-sound.de\/index.php\/wp-json\/wp\/v2\/media\/563"}],"wp:attachment":[{"href":"https:\/\/www.extreme-sound.de\/index.php\/wp-json\/wp\/v2\/media?parent=550"}],"wp:term":[{"taxonomy":"product_brand","embeddable":true,"href":"https:\/\/www.extreme-sound.de\/index.php\/wp-json\/wp\/v2\/product_brand?post=550"},{"taxonomy":"product_cat","embeddable":true,"href":"https:\/\/www.extreme-sound.de\/index.php\/wp-json\/wp\/v2\/product_cat?post=550"},{"taxonomy":"product_tag","embeddable":true,"href":"https:\/\/www.extreme-sound.de\/index.php\/wp-json\/wp\/v2\/product_tag?post=550"}],"curies":[{"name":"wp","href":"https:\/\/api.w.org\/{rel}","templated":true}]}}