{"id":606,"date":"2021-01-25T13:12:09","date_gmt":"2021-01-25T12:12:09","guid":{"rendered":"https:\/\/www.extreme-sound.de\/?post_type=product&#038;p=606"},"modified":"2022-12-10T10:52:58","modified_gmt":"2022-12-10T09:52:58","slug":"helix-m-four-dsp","status":"publish","type":"product","link":"https:\/\/www.extreme-sound.de\/index.php\/produkt\/helix-m-four-dsp\/","title":{"rendered":"HELIX M FOUR DSP"},"content":{"rendered":"<div id=\"description\" class=\"detail-decription-headline\">\n<h2>HELIX M FOUR DSP<\/h2>\n<\/div>\n<div id=\"description--text\" class=\"product--description\">\n<h4>Das rockt \u2013 die neue M FOUR DSP<\/h4>\n<p>Die M FOUR DSP pr\u00e4sentiert sich nur auf den ersten Blick als Vierkanal-Verst\u00e4rker \u2013 vielmehr hat man es hier trotz der geringen Abmessungen mit einer m\u00e4chtigen Schaltzentrale zu tun, die \u00fcber nicht weniger als insgesamt zehn prozessierte DSP-Kan\u00e4le verf\u00fcgt. Und \u00fcber reichlich Leistung dazu, denn 100 Watt Dauerleistung pro Kanal sowohl an 4 Ohm wie an 2 Ohm sch\u00fcttelt dieser Verst\u00e4rker geradezu l\u00e4ssig aus dem \u00c4rmel. Dazu gesellt sich ein fantastisches Ausstattungspaket, welches sp\u00e4testens beim Preis-Leistungsverh\u00e4ltnis f\u00fcr leuchtende Augen sorgen wird.<\/p>\n<h4>Klanglich durch und durch HELIX!<\/h4>\n<p>Klangliche Kompromisse haben in einem HELIX-Produkt nichts zu suchen \u2013 und deshalb ist auch die M FOUR DSP mit allen Finessen f\u00fcr perfekten Sound ausgestattet. Edelste, getrennte AD- und DA-Wandler sind auf der in Deutschland gefertigten DSP-Leiterkarte genauso selbstverst\u00e4ndlich wie der Einsatz eines extrem leistungsf\u00e4higen DSP&#8217;s aus dem Hause Analog Devices. Dazu liefern die sechs Vorverst\u00e4rker-Ausg\u00e4nge mit 6 Volt Ausgangsspannung mehr als genug Pegel, um jegliche Endstufe anzusteuern.<\/p>\n<h4>Flexibilit\u00e4t wie aus dem Lehrbuch<\/h4>\n<p>Schon die interne Verst\u00e4rkersektion der M FOUR DSP gibt sich wahrlich variabel \u2013 sie kann entweder im Vierkanal-Modus betrieben oder durch ihre Br\u00fcckbarkeit auch als 3-Kanal oder 2-Kanal-Verst\u00e4rker konfiguriert werden.<br \/>\nDoch damit nicht genug \u2013 in Verbindung mit den sechs Vorverst\u00e4rkerausg\u00e4ngen l\u00e4sst sich das System auf vielf\u00e4ltigste Weise erg\u00e4nzen und bis auf 10 Kan\u00e4le aufr\u00fcsten. Allein schon in Kombination mit den anderen Verst\u00e4rkern der M Serie (M ONE X, M FOUR oder M SIX) ergeben sich mehr als ausreichend M\u00f6glichkeiten, um die Anzahl der Leistungskan\u00e4le zu erweitern. So werden komplexe aber dennoch bezahlbare und vor allem platzsparende Multikanal-Systeme mit enormer Leistung spielend m\u00f6glich.<\/p>\n<h4>Virtual Channel Processing \u2013 so geht Signal-Routing heute<\/h4>\n<p>Viele DSP-Kan\u00e4le wollen vern\u00fcnftig verwaltet und konfiguriert werden \u2013 von daher war es keine Frage, dass die M FOUR DSP auch mit Audiotec Fischers innovativem Virtual Channel Processing ausger\u00fcstet wurde.<br \/>\nDie Adaption an moderne OE-Soundsysteme \u00fcber eine steigende Anzahl von Signaleing\u00e4ngen macht eine immer komplexere Signalf\u00fchrung im Verst\u00e4rker unumg\u00e4nglich. Speziell wenn mehrere Eingangssignale zusammengemischt und dann wieder in Mehrwege-Systeme aufgegliedert werden, st\u00f6\u00dft man mit herk\u00f6mmlichen Routing-Konzepten bei der Umsetzung als auch bei der Bedienbarkeit schnell an Grenzen. Das mehrstufige &#8222;Virtual Channel Processing&#8220; erm\u00f6glicht es, in Verbindung mit der anerkannt benutzerfreundlichen DSP PC-Tool Software selbst hochkomplexe Anlagen-Konfigurationen einfach abzubilden und die propriet\u00e4ren FX-Soundfeatures wie z.B. &#8222;RealCenter&#8220; oder &#8222;Augmented Bass Processing&#8220; frei zuordnen zu k\u00f6nnen.<\/p>\n<h4>Das Plus an Geschwindigkeit \u2013 dank ACO<\/h4>\n<p>Schneller ist besser \u2013 die besonders leistungsstarke 32 Bit ACO-Plattform \u00fcbernimmt alle Steuerungsaufgaben und sorgt f\u00fcr deutlich mehr Speed speziell bei der Datenkommunikation mit unserer DSP PC-Tool Software, aber auch bei der blitzschnellen Umschaltung zwischen den bis zu zehn m\u00f6glichen Sound Setups. Doch ACO bietet noch viel mehr \u2013 fantastische Soundeffekte wie Augmented Bass Processing, StageXpander oder RealCenter sind ebenso implementiert wie ein kanalgetrennter Input EQ samt Input Signal Analyzer (ISA) zur einfachen Analyse und Kompensation der Eingangssignale von OE-Radios, die bereits ab Werk ein Sound-Setup beinhalten.<\/p>\n<h4>Kompakt, cool und maximal praxistauglich<\/h4>\n<p>Trotz des enormen Funktionsumfangs und der satten Ausgangsleistung pr\u00e4sentiert sich die M FOUR DSP in typischem HELIX-Outfit mit klaren Linien genauso fantastisch kompakt wie eine M FOUR oder ONE. Dank ihrer Class D-Verst\u00e4rkertechnologie beh\u00e4lt sie auch bei voller Leistung einen &#8222;k\u00fchlen Kopf&#8220;. Und auch f\u00fcr die mittlerweile allt\u00e4glichen Herausforderungen bei der Integration in OEM-Systeme ist sie dank Features wie Start-Stopf\u00e4higkeit, ADEP.3-Schaltkreis und Power Save Mode bestens ger\u00fcstet.<\/p>\n<\/div>\n<div id=\"features\" class=\"detail-features-headline\">\n<h3>Features<\/h3>\n<\/div>\n<div class=\"product--features\">\n<ul>\n<li>Bis zu 135\u202fWatt\u202fRMS Maximalleistung pro Kanal an 4 &amp; 2\u202f\u2126<\/li>\n<li>Extrem leistungsf\u00e4higer 64 Bit \u201eFixed Point\u201c Audio DSP und modernste 32 Bit AD- und DA-Signalwandler von AKM<\/li>\n<li>ACO \u2013 Advanced 32 Bit CoProcessor-Plattform f\u00fcr erweiterte System- und DSP-Features:\n<ul>\n<li>ISA (Input Signal Analyzer) und InputEQ zur einfachen Analyse und Kompensation der Eingangssignale<\/li>\n<li>SFX-Soundeffekte \u2013 Augmented Bass Processing, StageXpander, RealCenter &amp; Co.<\/li>\n<\/ul>\n<\/li>\n<li>Intelligenter 6-Kanal Highlevel-Eingang mit ADEP.3-Schaltkreis<\/li>\n<li>Sechs Cinch-Ausg\u00e4nge mit maximal 6\u202fVolt Ausgangsspannung<\/li>\n<li>Virtual Channel Processing (VCP) erm\u00f6glicht hochkomplexe Soundsysteme noch flexibler zu konfigurieren<\/li>\n<li>Br\u00fcckbare Verst\u00e4rkerkan\u00e4le zur kraftvollen Ansteuerung eines Tieft\u00f6ners oder Subwoofers<\/li>\n<li>DSP-Leiterkarte in Deutschland gefertigt<\/li>\n<\/ul>\n<h3>Spezielle Features:<\/h3>\n<h4>ACO \u2013 Advanced 32 Bit CoProcessor<\/h4>\n<p>Der HELIX M FOUR DSP Verst\u00e4rker verwendet f\u00fcr alle internen wie auch externen Steuerungs- und Kommunikationsaufgaben einen besonders leistungsstarken 32 Bit CoProcessor der neuesten Generation. Im Gegensatz zum bisher verwendeten 8 Bit Prozessor ergeben sich daraus deutliche Geschwindigkeitsvorteile nicht nur bei der Umschaltung zwischen verschiedenen Sound Setups sondern vor allem auch in der Datenkommunikation mit unserer DSP PC-Tool Software. Ein weiterer wesentlicher Vorteil ist der integrierte, native Bootloader des CoProcessors.<br \/>\nDieser erm\u00f6glicht Software-Upgrades aller Komponenten des integrierten DSPs, um beispielsweise den Mikrocontroller-gesteuerten ADEP.3-Schaltkreis auch zuk\u00fcnftig auf \u00c4nderungen bei Diagnosesystemen von Werksradios anpassen zu k\u00f6nnen oder das Ger\u00e4t um weitere Schnittstellen zu erweitern.<br \/>\nDar\u00fcber hinaus bietet der ACO dank des neuen Flashspeichers Platz f\u00fcr 10 Sound Setups anstelle der \u00fcblichen zwei.<\/p>\n<h4>Intelligenter Highlevel-Eingang ADEP.3<\/h4>\n<p>Moderne, ab Werk verbaute Autoradios werden bez\u00fcglich der Diagnose der angeschlossenen Lautsprecher immer intelligenter. Speziell die neueste Generation ist mit zus\u00e4tzlichen \u00dcberwachungsfunktionen ausgestattet, sodass bei Anschluss eines zus\u00e4tzlichen Verst\u00e4rkers Fehlermeldungen oder gar Fehlfunktionen auftreten k\u00f6nnen. Der neue ADEP.3-Schaltkreis (Advanced Diagnostics Error Protection Generation 3) verhindert diese Probleme ohne die Lautsprecherausg\u00e4nge Radios bei hohen Pegeln unn\u00f6tig zu belasten.<\/p>\n<h4>Power Save Modus<\/h4>\n<p>Der Power Save Modus ist in den Grundeinstellungen der DSP PC-Tool Software aktiviert. Er erlaubt es, die Leistungsaufnahme der M FOUR DSP (und ggf. zus\u00e4tzlich angeschlossener Verst\u00e4rker) drastisch zu reduzieren, wenn f\u00fcr l\u00e4nger als 60 Sek. kein Eingangssignal anliegt. Sobald der \u201ePower Save Mode\u201c aktiv ist, werden die internen Verst\u00e4rkerstufen der M FOUR DSP sowie der Rem Out abgeschaltet und damit die Stromaufnahme deutlich reduziert. Der Verst\u00e4rker geht innerhalb von 2 Sek. wieder in den normalen Betriebszustand \u00fcber, sobald ein Musiksignal an seinem Eingang anliegt. \u00dcber die DSP PC-Tool Software kann die Abschaltverz\u00f6gerung variiert bzw. komplett deaktiviert werden.<\/p>\n<h4>Start-Stopf\u00e4higkeit<\/h4>\n<p>Das Netzteil im HELIX M FOUR DSP Verst\u00e4rker stellt die interne Spannungsversorgung auch bei kurzfristigen Einbr\u00fcchen bis hinab zu 6 Volt sicher. Damit ist gew\u00e4hrleistet, dass die HELIX M FOUR DSP auch beim Motorstart voll funktionsf\u00e4hig bleibt.<\/p>\n<\/div>\n<div id=\"dspfeatures\" class=\"product--dspfeatures-headline\">\n<h3>DSP Features<\/h3>\n<\/div>\n<div class=\"detail--dspfeatures\">\n<h4>RealCenter<\/h4>\n<p>Die \u201eRealCenter\u201c-Funktion ist ein propriet\u00e4rer Algorithmus von Audiotec Fischer, der die monauralen Informationen des linken und rechten Frontkanals hervorhebt, um ein einzigartiges Centersignal zu erzeugen. Im Gegensatz zu \u00fcblichen Verfahren, bei dem lediglich die Kan\u00e4le aufsummiert werden, kommt hier zus\u00e4tzlich eine dynamische Steuerung des Centersignals durch den stereophonen Informationsgehalt des linken und rechten Kanals hinzu. Das bedeutet, dass der Centerkanal kein Signal wiedergibt, wenn ausschlie\u00dflich der linke oder nur der rechte Kanal ein Audiosignal liefert. Bei \u00fcblichen Algorithmen w\u00e4re in diesem Fall der Centerkanal lediglich um 6 dB leiser. Audiotec Fischers \u201eRealCenter\u201c erm\u00f6glicht somit eine einmalige, breitgef\u00e4cherte B\u00fchnenabbildung &#8211; und das f\u00fcr Fahrer und Beifahrer gleicherma\u00dfen optimal! Die Nachteile eines herk\u00f6mmlichen Centerkanals, wie beispielsweise eine aufdringliche, enge r\u00e4umliche Klangdarstellung geh\u00f6ren somit endlich der Vergangenheit an.<\/p>\n<h4>Augmented Bass Processing<\/h4>\n<p>Audiotec Fischers propriet\u00e4res \u201eAugmented Bass Processing\u201c, bestehend aus den zwei revolution\u00e4ren Sound-Features: \u201eDynamic Bass Enhancement\u201c und \u201eSubXpander\u201c. Diese sind speziell daf\u00fcr entwickelt worden, die Basswiedergabe von Subwoofern dramatisch zu verbessern.<br \/>\n\u201eDynamic Bass Enhancement\u201c kombiniert in genialer Weise maximales Tiefbassfundament und hohen Maximalschalldruck \u2013 unabh\u00e4ngig von der geh\u00f6rten Musikrichtung oder den Klangeinstellungen im Radio. In Abh\u00e4ngigkeit vom Eingangssignal verst\u00e4rkt \u201eDynamic Bass Enhancement\u201c einerseits den unteren Frequenzbereich und variiert andererseits die Grenzfrequenz des Subsonic-Filters. Das Resultat ist eine wesentlich kraftvollere, tiefere Basswiedergabe bei kleinen und mittleren Lautst\u00e4rken ohne Gefahr zu laufen, den Subwoofer bei hohen Lautst\u00e4rken mechanisch oder elektrisch zu \u00fcberlasten. Es ist schlicht faszinierend, welche Bass-Performance pl\u00f6tzlich m\u00f6glich ist.<br \/>\nWer den Tieftonbereich noch etwas tiefer und \u201eschw\u00e4rzer\u201c haben m\u00f6chte, kann zus\u00e4tzlich den \u201eSubXpander\u201c aktivieren. Hier werden zu den Grundt\u00f6nen im Frequenzbereich zwischen 50 und 100 Hz zus\u00e4tzlich subharmonische T\u00f6ne hinzu gemischt.<\/p>\n<h4>StageXpander<\/h4>\n<p>Je nach Anordnung der Lautsprecher im Fahrzeug l\u00e4sst sich auf den vorderen Sitzpl\u00e4tzen eine mehr oder weniger breite Stereob\u00fchne realisieren. Ist zus\u00e4tzlich ein Center-Lautsprecher verbaut, so begrenzt dieser die r\u00e4umliche Abbildung der Musik mitunter zus\u00e4tzlich. Hier schl\u00e4gt die Stunde von Audiotec Fischers neuem \u201eStageXpander\u201c \u2013 ein Soundfeature, welches die akustischen Grenzen aufzuheben scheint und somit eine deutlich breitere Stereobasis erm\u00f6glicht, ohne dabei die Pr\u00e4zision bei der Lokalisierung von Stimmen oder Instrumenten negativ zu beeinflussen. Der Effekt l\u00e4sst sich dabei in vier Stufen an den pers\u00f6nlichen Geschmack anpassen.<\/p>\n<h4>ClarityXpander<\/h4>\n<p>Mehr Transparenz und Substanz in der Hochtonwiedergabe gef\u00e4llig? Daf\u00fcr bietet Audiotec Fischer mit dem \u201eClarityXpander\u201c nun genau das richtige Werkzeug.<br \/>\nRichtig dosiert (und deshalb in drei Stufen w\u00e4hlbar) verleiht es den Obert\u00f6nen zus\u00e4tzliche Strahlkraft \u2013 besonders sinnvoll, wenn die Original-Lautsprecher den n\u00f6tigen Glanz im Hochtonbereich vermissen lassen. Dabei gibt es den Extra-Hochtonkick nicht nur f\u00fcr die beiden Frontkan\u00e4le, sondern auch separat einstellbar f\u00fcr den Centerkanal. Und weil gerade beim letztgenannten ein Qu\u00e4ntchen zu viel in Verbindung mit obertonreichem Musikmaterial das Geh\u00f6r erm\u00fcdet, kann hier sogar eine automatische, dynamische Steuerung des zus\u00e4tzlichen Obertonanteils aktiviert werden.<\/p>\n<\/div>\n","protected":false},"excerpt":{"rendered":"<div id=\"technicaldata\" class=\"product--technicaldata-headline\">\n<h3>Technische Daten<\/h3>\n<\/div>\n<div class=\"detail--technicaldata\">\n<table border=\"0\" cellspacing=\"0\" cellpadding=\"0\">\n<colgroup>\n<col \/>\n<col \/><\/colgroup>\n<tbody>\n<tr>\n<td align=\"left\"><strong>Leistung RMS\u00a0 \u2264 1% THD+N<\/strong><\/td>\n<td><\/td>\n<\/tr>\n<tr>\n<td align=\"left\">&#8211; @ 4 Ohm<\/td>\n<td>4 x 100 Watt<\/td>\n<\/tr>\n<tr>\n<td align=\"left\">&#8211; @ 2 Ohm<\/td>\n<td>4 x 100 Watt<\/td>\n<\/tr>\n<tr>\n<td align=\"left\">&#8211; @ 1 Ohm<\/td>\n<td>&#8211;<\/td>\n<\/tr>\n<tr>\n<td align=\"left\">&#8211; gebr\u00fcckt an 4 Ohm<\/td>\n<td>2 x 200 Watt<\/td>\n<\/tr>\n<tr>\n<td align=\"left\">&#8211; gebr\u00fcckt an 2 Ohm<\/td>\n<td>&#8211;<\/td>\n<\/tr>\n<tr>\n<td align=\"left\"><strong>Max. Leistung pro Kanal*<\/strong><\/td>\n<td>Bis zu 135 Watt RMS @ 4 \/ 2 Ohm<\/td>\n<\/tr>\n<tr>\n<td align=\"left\"><strong>Verst\u00e4rkertechnologie<\/strong><\/td>\n<td>Class D<\/td>\n<\/tr>\n<tr>\n<td align=\"left\"><strong>Eing\u00e4nge<\/strong><\/td>\n<td>6 x Cinch<br \/>\n6 x Hochpegel-Lautsprechereingang<br \/>\n1 x Optisch SPDIF (12 &#8211; 96 kHz)<br \/>\n1 x Remote In<\/td>\n<\/tr>\n<tr>\n<td align=\"left\"><strong>Eingangsempfindlichkeit<\/strong><\/td>\n<td>Cinch 1 &#8211; 4 Volt<br \/>\nHochpegel 5 &#8211; 20 Volt<\/td>\n<\/tr>\n<tr>\n<td align=\"left\"><strong>Eingangsimpedanz Cinch<\/strong><\/td>\n<td>22 kOhm<\/td>\n<\/tr>\n<tr>\n<td align=\"left\"><strong>Eingangsimpedanz Highlevel<\/strong><\/td>\n<td>9 &#8211; 33 Ohm oder 20 kOhm<\/td>\n<\/tr>\n<tr>\n<td align=\"left\"><strong>Ausg\u00e4nge<\/strong><\/td>\n<td>4 x Lautsprecherausgang<br \/>\n6 x Cinch<br \/>\n2 x Remote Out<\/td>\n<\/tr>\n<tr>\n<td align=\"left\"><strong>Ausgangsspannung Cinch<\/strong><\/td>\n<td>6 Volt RMS<\/td>\n<\/tr>\n<tr>\n<td align=\"left\"><strong>Frequenzbereich<\/strong><\/td>\n<td>20 Hz &#8211; 22.000 Hz<\/td>\n<\/tr>\n<tr>\n<td align=\"left\"><strong>DSP Aufl\u00f6sung<\/strong><\/td>\n<td>64 Bit<\/td>\n<\/tr>\n<tr>\n<td align=\"left\"><strong>DSP Rechenleistung<\/strong><\/td>\n<td>295 MHz (1,2 Mrd. MAC Operationen\/Sekunde)<\/td>\n<\/tr>\n<tr>\n<td align=\"left\"><strong>Abtastrate<\/strong><\/td>\n<td>48 kHz<\/td>\n<\/tr>\n<tr>\n<td align=\"left\"><strong>DSP Typ<\/strong><\/td>\n<td>Audio Signalprozessor<\/td>\n<\/tr>\n<tr>\n<td align=\"left\"><strong>Signalwandler<\/strong><\/td>\n<td>A\/D: AKM 32 Bit<br \/>\nD\/A: AKM 32 Bit<\/td>\n<\/tr>\n<tr>\n<td align=\"left\"><strong>Signal- \/ Rauschabstand Digitaleingang<\/strong><\/td>\n<td>105 dB (A-bewertet)<\/td>\n<\/tr>\n<tr>\n<td align=\"left\"><strong>Signal- \/ Rauschabstand Analogeingang<\/strong><\/td>\n<td>102 dB (A-bewertet)<\/td>\n<\/tr>\n<tr>\n<td align=\"left\"><strong>Klirrfaktor (THD)<\/strong><\/td>\n<td>&lt; 0,03 %<\/td>\n<\/tr>\n<tr>\n<td align=\"left\"><strong>D\u00e4mpfungsfaktor<\/strong><\/td>\n<td>100<\/td>\n<\/tr>\n<tr>\n<td align=\"left\"><strong>Betriebsspannung<\/strong><\/td>\n<td>10,5 &#8211; 16 Volt (max. 5 Sek. bis hinab zu 6 Volt)<\/td>\n<\/tr>\n<tr>\n<td align=\"left\"><strong>Leerlaufstromaufnahme<\/strong><\/td>\n<td>1500 mA<\/td>\n<\/tr>\n<tr>\n<td align=\"left\"><strong>Max. Remote-Ausgangsstrom<\/strong><\/td>\n<td>500 mA<\/td>\n<\/tr>\n<tr>\n<td align=\"left\"><strong>Sicherung<\/strong><\/td>\n<td>2 x 30 A Maxi Stecksicherung (FK3)<\/td>\n<\/tr>\n<tr>\n<td align=\"left\"><strong>Zus\u00e4tzliche Features<\/strong><\/td>\n<td>ADEP.3-Schaltkreis, Auto Remote-Schalter, 32 Bit CoProcessor, Control Input<\/td>\n<\/tr>\n<tr>\n<td align=\"left\"><strong>Abmessungen (H x B x T)<\/strong><\/td>\n<td>50 x 230 x 154 mm<\/td>\n<\/tr>\n<\/tbody>\n<\/table>\n<\/div>\n<div id=\"supply\" class=\"detail-supply-headline\">\n<h3>Lieferumfang<\/h3>\n<\/div>\n<div class=\"detail--supply-content\">\n<div class=\"product--supply-inner\">\n<p>1 x Verst\u00e4rker HELIX M FOUR DSP<br \/>\n1 x USB Datenkabel<br \/>\n1 x Befestigungsmaterial<br \/>\n1 x Bedienungsanleitung<\/p>\n<\/div>\n<div class=\"product--featureslist-headline\">\n<h3>Technologien<\/h3>\n<\/div>\n<div class=\"product--featureslist\">\n<h4>Verst\u00e4rkerklasse<\/h4>\n<p><a href=\"https:\/\/www.audiotec-fischer.de\/knowledge-base\/feature-buttons\/#class-d\" target=\"_blank\" rel=\"noopener\"><img loading=\"lazy\" decoding=\"async\" class=\"\" src=\"https:\/\/www.audiotec-fischer.de\/media\/image\/d5\/09\/13\/Class-D.jpg\" alt=\"Class D Feature\" width=\"151\" height=\"94\" \/><\/a><\/p>\n<h4>Eing\u00e4nge<\/h4>\n<p><a href=\"https:\/\/www.audiotec-fischer.de\/knowledge-base\/feature-buttons\/#higlevel-input\" target=\"_blank\" rel=\"noopener\"><img loading=\"lazy\" decoding=\"async\" class=\"\" src=\"https:\/\/www.audiotec-fischer.de\/media\/image\/04\/f2\/98\/Highlevel-Input.jpg\" alt=\"Highlevel Input Feature\" width=\"163\" height=\"101\" \/><\/a>\u00a0<a href=\"https:\/\/www.audiotec-fischer.de\/knowledge-base\/feature-buttons\/#rca-input\" target=\"_blank\" rel=\"noopener\"><img loading=\"lazy\" decoding=\"async\" class=\"\" src=\"https:\/\/www.audiotec-fischer.de\/media\/image\/c9\/d7\/49\/RCA-Input.jpg\" alt=\"RCA Input Feature\" width=\"162\" height=\"101\" \/><\/a>\u00a0<a href=\"https:\/\/www.audiotec-fischer.de\/knowledge-base\/feature-buttons\/#optical-input\" target=\"_blank\" rel=\"noopener\"><img loading=\"lazy\" decoding=\"async\" class=\"\" src=\"https:\/\/www.audiotec-fischer.de\/media\/image\/17\/21\/25\/Optical-Input.jpg\" alt=\"Optical Input Feature\" width=\"163\" height=\"102\" \/><\/a>\u00a0<a href=\"https:\/\/www.audiotec-fischer.de\/knowledge-base\/feature-buttons\/#adep3\" target=\"_blank\" rel=\"noopener\"><img loading=\"lazy\" decoding=\"async\" class=\"\" src=\"https:\/\/www.audiotec-fischer.de\/media\/image\/7c\/80\/c4\/ADEP-3.jpg\" alt=\"ADEP 3 Feature\" width=\"164\" height=\"102\" \/><\/a><\/p>\n<h4>DSP-Features<\/h4>\n<p><a href=\"https:\/\/www.audiotec-fischer.de\/knowledge-base\/feature-buttons\/#aco\" target=\"_blank\" rel=\"noopener\"><img loading=\"lazy\" decoding=\"async\" class=\"\" src=\"https:\/\/www.audiotec-fischer.de\/media\/image\/ac\/cc\/07\/ACO-Advanced-CoProcessor.jpg\" alt=\"Advanced Co Processor Feature\" width=\"164\" height=\"102\" \/><\/a>\u00a0<a href=\"https:\/\/www.audiotec-fischer.de\/knowledge-base\/feature-buttons\/#64bit-dsp\" target=\"_blank\" rel=\"noopener\"><img loading=\"lazy\" decoding=\"async\" class=\"\" src=\"https:\/\/www.audiotec-fischer.de\/media\/image\/f7\/60\/ae\/DSP-Inside-64-BIT.jpg\" alt=\"64 Bit DSP Feature\" width=\"162\" height=\"101\" \/><\/a>\u00a0<a href=\"https:\/\/www.audiotec-fischer.de\/knowledge-base\/feature-buttons\/#ieq\" target=\"_blank\" rel=\"noopener\"><img loading=\"lazy\" decoding=\"async\" class=\"\" src=\"https:\/\/www.audiotec-fischer.de\/media\/image\/f2\/b6\/63\/IEQ_Input-EQ.jpg\" alt=\"Input Equalizer Feature\" width=\"161\" height=\"100\" \/><\/a>\u00a0<a href=\"https:\/\/www.audiotec-fischer.de\/knowledge-base\/feature-buttons\/#isa\" target=\"_blank\" rel=\"noopener\"><img loading=\"lazy\" decoding=\"async\" class=\"\" src=\"https:\/\/www.audiotec-fischer.de\/media\/image\/52\/f9\/7a\/ISA-Input-Signal-Analyzer.jpg\" alt=\"Input Signal Analyzer Feature\" width=\"162\" height=\"101\" \/><\/a>\u00a0<a href=\"https:\/\/www.audiotec-fischer.de\/knowledge-base\/feature-buttons\/#atm\" target=\"_blank\" rel=\"noopener\"><img loading=\"lazy\" decoding=\"async\" class=\"\" src=\"https:\/\/www.audiotec-fischer.de\/media\/image\/fd\/a7\/78\/ATM_Automatic_Time_Measurement.jpg\" alt=\"Automatic Time Measurement Feature\" width=\"161\" height=\"100\" \/><\/a>\u00a0<a href=\"https:\/\/www.audiotec-fischer.de\/knowledge-base\/feature-buttons\/#vcp\" target=\"_blank\" rel=\"noopener\"><img loading=\"lazy\" decoding=\"async\" class=\"\" src=\"https:\/\/www.audiotec-fischer.de\/media\/image\/ab\/95\/76\/Virtual-Channel-Processing.jpg\" alt=\"Virtual Channel Processing Feature\" width=\"162\" height=\"101\" \/><\/a>\u00a0<a href=\"https:\/\/www.audiotec-fischer.de\/knowledge-base\/feature-buttons\/#sfx\" target=\"_blank\" rel=\"noopener\"><img loading=\"lazy\" decoding=\"async\" class=\"\" src=\"https:\/\/www.audiotec-fischer.de\/media\/image\/8c\/53\/97\/SFX-DSP-Sound-Effects.jpg\" alt=\"SFX DSP Sound Effects Feature\" width=\"167\" height=\"104\" \/><\/a><\/p>\n<h4>Hardware Technologien<\/h4>\n<p><a href=\"https:\/\/www.audiotec-fischer.de\/knowledge-base\/feature-buttons\/#ultra-compact\" target=\"_blank\" rel=\"noopener\"><img loading=\"lazy\" decoding=\"async\" class=\"\" src=\"https:\/\/www.audiotec-fischer.de\/media\/image\/86\/ae\/4c\/Ultra-Compact-Dimensions.jpg\" alt=\"Ultra Compact Dimensions Feature\" width=\"165\" height=\"103\" \/><\/a><\/p>\n<h4>zus\u00e4tzliche Features<\/h4>\n<p><a href=\"https:\/\/www.audiotec-fischer.de\/knowledge-base\/feature-buttons\/#pc-tool\" target=\"_blank\" rel=\"noopener\"><img loading=\"lazy\" decoding=\"async\" class=\"\" src=\"https:\/\/www.audiotec-fischer.de\/media\/image\/4c\/7e\/b2\/DSP-PC-Tool-ready.jpg\" alt=\"DSP PC Tool Ready Feature\" width=\"160\" height=\"100\" \/><\/a>\u00a0<a href=\"https:\/\/www.audiotec-fischer.de\/knowledge-base\/feature-buttons\/#start-stop\" target=\"_blank\" rel=\"noopener\"><img loading=\"lazy\" decoding=\"async\" class=\"\" src=\"https:\/\/www.audiotec-fischer.de\/media\/image\/36\/1d\/18\/Start-Stop-Capability.jpg\" alt=\"Start Stop Capability Feature\" width=\"161\" height=\"100\" \/><\/a>\u00a0<a href=\"https:\/\/www.audiotec-fischer.de\/knowledge-base\/feature-buttons\/#power-safe\" target=\"_blank\" rel=\"noopener\"><img loading=\"lazy\" decoding=\"async\" class=\"\" src=\"https:\/\/www.audiotec-fischer.de\/media\/image\/ba\/c0\/be\/PSM.jpg\" alt=\"Power Safe Mode Feature\" width=\"161\" height=\"100\" \/><\/a>\u00a0<a href=\"https:\/\/www.audiotec-fischer.de\/knowledge-base\/feature-buttons\/#remote-control\" target=\"_blank\" rel=\"noopener\"><img loading=\"lazy\" decoding=\"async\" class=\"\" src=\"https:\/\/www.audiotec-fischer.de\/media\/image\/59\/04\/2b\/Remote-Control-ready.jpg\" alt=\"Remote Control Ready Feature\" width=\"161\" height=\"101\" \/><\/a><\/p>\n<\/div>\n<\/div>\n","protected":false},"featured_media":610,"template":"","meta":[],"product_brand":[],"product_cat":[32,76,64],"product_tag":[],"class_list":{"0":"post-606","1":"product","2":"type-product","3":"status-publish","4":"has-post-thumbnail","6":"product_cat-car-audio-hifi","7":"product_cat-dsp-mit-verstaerker","8":"product_cat-helix-dsp-digitaler-sound-prozessor","9":"product_shipping_class-packet-m","11":"first","12":"instock","13":"taxable","14":"shipping-taxable","15":"purchasable","16":"product-type-simple"},"_links":{"self":[{"href":"https:\/\/www.extreme-sound.de\/index.php\/wp-json\/wp\/v2\/product\/606","targetHints":{"allow":["GET"]}}],"collection":[{"href":"https:\/\/www.extreme-sound.de\/index.php\/wp-json\/wp\/v2\/product"}],"about":[{"href":"https:\/\/www.extreme-sound.de\/index.php\/wp-json\/wp\/v2\/types\/product"}],"wp:featuredmedia":[{"embeddable":true,"href":"https:\/\/www.extreme-sound.de\/index.php\/wp-json\/wp\/v2\/media\/610"}],"wp:attachment":[{"href":"https:\/\/www.extreme-sound.de\/index.php\/wp-json\/wp\/v2\/media?parent=606"}],"wp:term":[{"taxonomy":"product_brand","embeddable":true,"href":"https:\/\/www.extreme-sound.de\/index.php\/wp-json\/wp\/v2\/product_brand?post=606"},{"taxonomy":"product_cat","embeddable":true,"href":"https:\/\/www.extreme-sound.de\/index.php\/wp-json\/wp\/v2\/product_cat?post=606"},{"taxonomy":"product_tag","embeddable":true,"href":"https:\/\/www.extreme-sound.de\/index.php\/wp-json\/wp\/v2\/product_tag?post=606"}],"curies":[{"name":"wp","href":"https:\/\/api.w.org\/{rel}","templated":true}]}}